Last updated on 2024-05-01 16:53:14 CEST.
Flavor | Version | Tinstall | Tcheck | Ttotal | Status | Flags |
---|---|---|---|---|---|---|
r-devel-linux-x86_64-debian-clang | 1.0 | 7.08 | 79.59 | 86.67 | OK | |
r-devel-linux-x86_64-debian-gcc | 1.0 | 4.08 | 58.97 | 63.05 | OK | |
r-devel-linux-x86_64-fedora-clang | 1.0 | 105.52 | NOTE | |||
r-devel-linux-x86_64-fedora-gcc | 1.0 | 115.55 | NOTE | |||
r-devel-windows-x86_64 | 1.0 | 6.00 | 98.00 | 104.00 | OK | |
r-patched-linux-x86_64 | 1.0 | 6.02 | 73.88 | 79.90 | OK | |
r-release-linux-x86_64 | 1.0 | 6.11 | 74.86 | 80.97 | OK | |
r-release-macos-arm64 | 1.0 | 43.00 | OK | |||
r-release-windows-x86_64 | 1.0 | 6.00 | 127.00 | 133.00 | OK | |
r-oldrel-macos-arm64 | 1.0 | 44.00 | OK | |||
r-oldrel-macos-x86_64 | 1.0 | 75.00 | OK | |||
r-oldrel-windows-x86_64 | 1.0 | 8.00 | 101.00 | 109.00 | OK |
Version: 1.0
Check: dependencies in R code
Result: NOTE
Namespace in Imports field not imported from: ‘knitr’
All declared Imports should be used.
Flavors: r-devel-linux-x86_64-fedora-clang, r-devel-linux-x86_64-fedora-gcc