Last updated on 2025-01-19 05:49:23 CET.
Flavor | Version | Tinstall | Tcheck | Ttotal | Status | Flags |
---|---|---|---|---|---|---|
r-devel-linux-x86_64-debian-clang | 1.0 | 4.61 | 62.83 | 67.44 | OK | |
r-devel-linux-x86_64-debian-gcc | 1.0 | 3.50 | 47.26 | 50.76 | OK | |
r-devel-linux-x86_64-fedora-clang | 1.0 | 108.72 | NOTE | |||
r-devel-linux-x86_64-fedora-gcc | 1.0 | 126.02 | NOTE | |||
r-devel-windows-x86_64 | 1.0 | 8.00 | 103.00 | 111.00 | OK | |
r-patched-linux-x86_64 | 1.0 | 5.01 | 58.04 | 63.05 | OK | |
r-release-linux-x86_64 | 1.0 | 4.90 | 58.35 | 63.25 | OK | |
r-release-macos-arm64 | 1.0 | 43.00 | OK | |||
r-release-macos-x86_64 | 1.0 | 73.00 | OK | |||
r-release-windows-x86_64 | 1.0 | 6.00 | 138.00 | 144.00 | OK | |
r-oldrel-macos-arm64 | 1.0 | 44.00 | OK | |||
r-oldrel-macos-x86_64 | 1.0 | 75.00 | OK | |||
r-oldrel-windows-x86_64 | 1.0 | 8.00 | 132.00 | 140.00 | OK |
Version: 1.0
Check: dependencies in R code
Result: NOTE
Namespace in Imports field not imported from: ‘knitr’
All declared Imports should be used.
Flavors: r-devel-linux-x86_64-fedora-clang, r-devel-linux-x86_64-fedora-gcc