Last updated on 2025-01-19 05:49:23 CET.
Flavor | Version | Tinstall | Tcheck | Ttotal | Status | Flags |
---|---|---|---|---|---|---|
r-devel-linux-x86_64-debian-clang | 1.1-2 | 4.97 | 86.96 | 91.93 | OK | |
r-devel-linux-x86_64-debian-gcc | 1.1-3 | 3.95 | 65.14 | 69.09 | OK | |
r-devel-linux-x86_64-fedora-clang | 1.1-3 | 146.61 | OK | |||
r-devel-linux-x86_64-fedora-gcc | 1.1-3 | 158.49 | OK | |||
r-devel-windows-x86_64 | 1.1-3 | 6.00 | 397.00 | 403.00 | OK | |
r-patched-linux-x86_64 | 1.1-2 | 5.43 | 85.16 | 90.59 | OK | |
r-release-linux-x86_64 | 1.1-2 | 4.54 | 83.18 | 87.72 | OK | |
r-release-macos-arm64 | 1.1-2 | 56.00 | NOTE | |||
r-release-macos-x86_64 | 1.1-2 | 171.00 | NOTE | |||
r-release-windows-x86_64 | 1.1-2 | 7.00 | 373.00 | 380.00 | NOTE | |
r-oldrel-macos-arm64 | 1.1-2 | 56.00 | NOTE | |||
r-oldrel-macos-x86_64 | 1.1-2 | 128.00 | NOTE | |||
r-oldrel-windows-x86_64 | 1.1-3 | 11.00 | 447.00 | 458.00 | NOTE |
Version: 1.1-2
Check: installed package size
Result: NOTE
installed size is 8.9Mb
sub-directories of 1Mb or more:
data 1.1Mb
rda 7.1Mb
Flavors: r-release-macos-arm64, r-release-macos-x86_64, r-release-windows-x86_64, r-oldrel-macos-arm64, r-oldrel-macos-x86_64
Version: 1.1-3
Check: installed package size
Result: NOTE
installed size is 8.8Mb
sub-directories of 1Mb or more:
data 1.1Mb
rda 7.0Mb
Flavor: r-oldrel-windows-x86_64