CRAN Package Check Results for Package TPAC

Last updated on 2025-01-19 05:49:24 CET.

Flavor Version Tinstall Tcheck Ttotal Status Flags
r-devel-linux-x86_64-debian-clang 0.2.0 2.50 29.44 31.94 NOTE
r-devel-linux-x86_64-debian-gcc 0.2.0 1.64 23.89 25.53 NOTE
r-devel-linux-x86_64-fedora-clang 0.2.0 52.13 OK
r-devel-linux-x86_64-fedora-gcc 0.2.0 67.05 OK
r-devel-windows-x86_64 0.2.0 4.00 65.00 69.00 NOTE
r-patched-linux-x86_64 0.2.0 4.09 28.76 32.85 OK
r-release-linux-x86_64 0.2.0 2.16 28.54 30.70 OK
r-release-macos-arm64 0.2.0 29.00 OK
r-release-macos-x86_64 0.2.0 37.00 OK
r-release-windows-x86_64 0.2.0 4.00 66.00 70.00 OK
r-oldrel-macos-arm64 0.2.0 31.00 OK
r-oldrel-macos-x86_64 0.2.0 65.00 OK
r-oldrel-windows-x86_64 0.2.0 5.00 62.00 67.00 OK

Check Details

Version: 0.2.0
Check: Rd cross-references
Result: NOTE Found the following Rd file(s) with Rd \link{} targets missing package anchors: TPACForCancer.Rd: hpa.data Please provide package anchors for all Rd \link{} targets not in the package itself and the base packages. Flavors: r-devel-linux-x86_64-debian-clang, r-devel-linux-x86_64-debian-gcc, r-devel-windows-x86_64