CRAN Package Check Results for Package TSA

Last updated on 2025-01-19 05:49:24 CET.

Flavor Version Tinstall Tcheck Ttotal Status Flags
r-devel-linux-x86_64-debian-clang 1.3.1 11.66 95.90 107.56 NOTE
r-devel-linux-x86_64-debian-gcc 1.3.1 7.59 67.48 75.07 NOTE
r-devel-linux-x86_64-fedora-clang 1.3.1 170.06 NOTE
r-devel-linux-x86_64-fedora-gcc 1.3.1 167.36 NOTE
r-devel-windows-x86_64 1.3.1 13.00 128.00 141.00 NOTE
r-patched-linux-x86_64 1.3.1 11.03 88.97 100.00 NOTE
r-release-linux-x86_64 1.3.1 9.64 87.35 96.99 NOTE
r-release-macos-arm64 1.3.1 50.00 NOTE
r-release-macos-x86_64 1.3.1 91.00 NOTE
r-release-windows-x86_64 1.3.1 13.00 132.00 145.00 NOTE
r-oldrel-macos-arm64 1.3.1 52.00 OK
r-oldrel-macos-x86_64 1.3.1 84.00 OK
r-oldrel-windows-x86_64 1.3.1 17.00 152.00 169.00 OK

Check Details

Version: 1.3.1
Check: Rd files
Result: NOTE checkRd: (-1) summary.armasubsets.Rd:16: Lost braces 16 | \item{matrix.logical}{With matrix=TRUE, the matrix is logical TRUE/FALSE or string "*"/code{" "}} | ^ Flavors: r-devel-linux-x86_64-debian-clang, r-devel-linux-x86_64-debian-gcc, r-devel-linux-x86_64-fedora-clang, r-devel-linux-x86_64-fedora-gcc, r-devel-windows-x86_64, r-patched-linux-x86_64, r-release-linux-x86_64, r-release-macos-arm64, r-release-macos-x86_64, r-release-windows-x86_64

Version: 1.3.1
Check: dependencies in R code
Result: NOTE Namespace in Imports field not imported from: ‘tseries’ All declared Imports should be used. Flavors: r-devel-linux-x86_64-fedora-clang, r-devel-linux-x86_64-fedora-gcc