CRAN Package Check Results for Package TSCS

Last updated on 2025-01-19 05:49:24 CET.

Flavor Version Tinstall Tcheck Ttotal Status Flags
r-devel-linux-x86_64-debian-clang 0.1.1 7.55 58.68 66.23 OK
r-devel-linux-x86_64-debian-gcc 0.1.1 5.59 44.76 50.35 OK
r-devel-linux-x86_64-fedora-clang 0.1.1 108.77 OK
r-devel-linux-x86_64-fedora-gcc 0.1.1 121.53 OK
r-devel-windows-x86_64 0.1.1 11.00 75.00 86.00 OK
r-patched-linux-x86_64 0.1.1 7.80 55.18 62.98 NOTE
r-release-linux-x86_64 0.1.1 7.35 53.85 61.20 NOTE
r-release-macos-arm64 0.1.1 36.00 NOTE
r-release-macos-x86_64 0.1.1 59.00 NOTE
r-release-windows-x86_64 0.1.1 9.00 244.00 253.00 NOTE
r-oldrel-macos-arm64 0.1.1 35.00 NOTE
r-oldrel-macos-x86_64 0.1.1 52.00 NOTE
r-oldrel-windows-x86_64 0.1.1 9.00 262.00 271.00 NOTE

Check Details

Version: 0.1.1
Check: LazyData
Result: NOTE 'LazyData' is specified without a 'data' directory Flavors: r-patched-linux-x86_64, r-release-linux-x86_64, r-release-macos-arm64, r-release-macos-x86_64, r-release-windows-x86_64, r-oldrel-macos-arm64, r-oldrel-macos-x86_64, r-oldrel-windows-x86_64