CRAN Package Check Results for Package TSDFGS

Last updated on 2025-01-19 05:49:24 CET.

Flavor Version Tinstall Tcheck Ttotal Status Flags
r-devel-linux-x86_64-debian-clang 2.0 55.04 46.09 101.13 OK
r-devel-linux-x86_64-debian-gcc 2.0 42.58 40.90 83.48 OK
r-devel-linux-x86_64-fedora-clang 2.0 174.68 OK
r-devel-linux-x86_64-fedora-gcc 2.0 202.31 OK
r-devel-windows-x86_64 2.0 56.00 87.00 143.00 OK
r-patched-linux-x86_64 2.0 61.70 49.80 111.50 OK
r-release-linux-x86_64 2.0 59.15 48.93 108.08 OK
r-release-macos-arm64 2.0 46.00 NOTE
r-release-macos-x86_64 2.0 56.00 NOTE
r-release-windows-x86_64 2.0 56.00 86.00 142.00 OK
r-oldrel-macos-arm64 2.0 50.00 NOTE
r-oldrel-macos-x86_64 2.0 78.00 NOTE
r-oldrel-windows-x86_64 2.0 63.00 103.00 166.00 OK

Check Details

Version: 2.0
Check: installed package size
Result: NOTE installed size is 16.8Mb sub-directories of 1Mb or more: data 1.2Mb libs 15.4Mb Flavors: r-release-macos-arm64, r-release-macos-x86_64, r-oldrel-macos-arm64, r-oldrel-macos-x86_64