CRAN Package Check Results for Package TSE

Last updated on 2025-01-19 05:49:24 CET.

Flavor Version Tinstall Tcheck Ttotal Status Flags
r-devel-linux-x86_64-debian-clang 0.1.0 2.23 19.57 21.80 OK
r-devel-linux-x86_64-debian-gcc 0.1.0 1.74 15.31 17.05 OK
r-devel-linux-x86_64-fedora-clang 0.1.0 34.93 NOTE
r-devel-linux-x86_64-fedora-gcc 0.1.0 36.24 NOTE
r-devel-windows-x86_64 0.1.0 3.00 45.00 48.00 OK
r-patched-linux-x86_64 0.1.0 2.47 18.77 21.24 OK
r-release-linux-x86_64 0.1.0 2.26 18.89 21.15 OK
r-release-macos-arm64 0.1.0 15.00 OK
r-release-macos-x86_64 0.1.0 21.00 OK
r-release-windows-x86_64 0.1.0 4.00 100.00 104.00 OK
r-oldrel-macos-arm64 0.1.0 16.00 OK
r-oldrel-macos-x86_64 0.1.0 22.00 OK
r-oldrel-windows-x86_64 0.1.0 3.00 63.00 66.00 OK

Check Details

Version: 0.1.0
Check: dependencies in R code
Result: NOTE Namespace in Imports field not imported from: ‘stats’ All declared Imports should be used. Flavors: r-devel-linux-x86_64-fedora-clang, r-devel-linux-x86_64-fedora-gcc