CRAN Package Check Results for Package TSMSN

Last updated on 2025-01-19 05:49:24 CET.

Flavor Version Tinstall Tcheck Ttotal Status Flags
r-devel-linux-x86_64-debian-clang 0.0.1 2.97 22.79 25.76 OK
r-devel-linux-x86_64-debian-gcc 0.0.1 2.02 18.27 20.29 OK
r-devel-linux-x86_64-fedora-clang 0.0.1 42.18 OK
r-devel-linux-x86_64-fedora-gcc 0.0.1 42.85 OK
r-devel-windows-x86_64 0.0.1 4.00 44.00 48.00 OK
r-patched-linux-x86_64 0.0.1 2.58 22.14 24.72 NOTE
r-release-linux-x86_64 0.0.1 2.67 21.93 24.60 NOTE
r-release-macos-arm64 0.0.1 19.00 NOTE
r-release-macos-x86_64 0.0.1 27.00 NOTE
r-release-windows-x86_64 0.0.1 4.00 104.00 108.00 NOTE
r-oldrel-macos-arm64 0.0.1 20.00 NOTE
r-oldrel-macos-x86_64 0.0.1 24.00 NOTE
r-oldrel-windows-x86_64 0.0.1 5.00 83.00 88.00 NOTE

Check Details

Version: 0.0.1
Check: LazyData
Result: NOTE 'LazyData' is specified without a 'data' directory Flavors: r-patched-linux-x86_64, r-release-linux-x86_64, r-release-macos-arm64, r-release-macos-x86_64, r-release-windows-x86_64, r-oldrel-macos-arm64, r-oldrel-macos-x86_64, r-oldrel-windows-x86_64