Last updated on 2024-04-17 13:57:47 CEST.
Flavor | Version | Tinstall | Tcheck | Ttotal | Status | Flags |
---|---|---|---|---|---|---|
r-devel-linux-x86_64-debian-clang | 1.3.1 | 16.79 | 130.93 | 147.72 | NOTE | |
r-devel-linux-x86_64-debian-gcc | 1.3.1 | 11.83 | 96.93 | 108.76 | NOTE | |
r-devel-linux-x86_64-fedora-clang | 1.3.1 | 185.69 | NOTE | |||
r-devel-linux-x86_64-fedora-gcc | 1.3.1 | 175.00 | NOTE | |||
r-prerel-macos-arm64 | 1.3.1 | 90.00 | NOTE | |||
r-prerel-windows-x86_64 | 1.3.1 | 13.00 | 102.00 | 115.00 | NOTE | |
r-patched-linux-x86_64 | 1.3.1 | 21.62 | 125.81 | 147.43 | NOTE | |
r-release-linux-x86_64 | 1.3.1 | 13.97 | 105.50 | 119.47 | OK | |
r-release-macos-arm64 | 1.3.1 | 48.00 | OK | |||
r-release-macos-x86_64 | 1.3.1 | 82.00 | NOTE | |||
r-release-windows-x86_64 | 1.3.1 | 16.00 | 124.00 | 140.00 | OK | |
r-oldrel-macos-arm64 | 1.3.1 | 81.00 | OK | |||
r-oldrel-windows-x86_64 | 1.3.1 | 15.00 | 123.00 | 138.00 | OK |
Version: 1.3.1
Check: Rd files
Result: NOTE
checkRd: (-1) diss.AR.LPC.CEPS.Rd:39: Lost braces; missing escapes or markup?
39 | If \code{order.x} or {order.y} are \code{NULL}, their respective series will be fitted automatically using a AR model.
| ^
checkRd: (-1) diss.AR.PIC.Rd:31: Lost braces; missing escapes or markup?
31 | If \code{order.x} or {order.y} are \code{NULL}, their respective series will be fitted automatically using a AR model. If \code{permissive} is \code{TRUE} and no AR order is found automatically, an AR order of 1 will be imposed, if this case fails, then no order can be found and the function produces an error.
| ^
Flavors: r-devel-linux-x86_64-debian-clang, r-devel-linux-x86_64-debian-gcc, r-devel-linux-x86_64-fedora-clang, r-devel-linux-x86_64-fedora-gcc, r-prerel-macos-arm64, r-prerel-windows-x86_64, r-patched-linux-x86_64
Version: 1.3.1
Check: Rd cross-references
Result: NOTE
Undeclared packages ‘fpc’, ‘clValid’, ‘clv’ in Rd xrefs
Flavor: r-devel-linux-x86_64-fedora-clang
Version: 1.3.1
Check: Rd cross-references
Result: NOTE
Package unavailable to check Rd xrefs: ‘fpc’
Flavor: r-release-macos-x86_64