Last updated on 2025-01-19 05:49:24 CET.
Flavor | Version | Tinstall | Tcheck | Ttotal | Status | Flags |
---|---|---|---|---|---|---|
r-devel-linux-x86_64-debian-clang | 1.1.0 | 39.04 | 126.06 | 165.10 | NOTE | |
r-devel-linux-x86_64-debian-gcc | 1.1.0 | 27.62 | 92.35 | 119.97 | NOTE | |
r-devel-linux-x86_64-fedora-clang | 1.1.0 | 280.65 | NOTE | |||
r-devel-linux-x86_64-fedora-gcc | 1.1.0 | 309.29 | NOTE | |||
r-devel-windows-x86_64 | 1.1.0 | 45.00 | 152.00 | 197.00 | NOTE | |
r-patched-linux-x86_64 | 1.1.0 | 39.57 | 116.20 | 155.77 | NOTE | |
r-release-linux-x86_64 | 1.1.0 | 39.37 | 116.88 | 156.25 | NOTE | |
r-release-macos-arm64 | 1.1.0 | 74.00 | NOTE | |||
r-release-macos-x86_64 | 1.1.0 | 110.00 | NOTE | |||
r-release-windows-x86_64 | 1.1.0 | 41.00 | 151.00 | 192.00 | NOTE | |
r-oldrel-macos-arm64 | 1.1.0 | 90.00 | OK | |||
r-oldrel-macos-x86_64 | 1.1.0 | 143.00 | OK | |||
r-oldrel-windows-x86_64 | 1.1.0 | 53.00 | 193.00 | 246.00 | OK |
Version: 1.1.0
Check: Rd files
Result: NOTE
checkRd: (-1) repr_dwt.Rd:28: Lost braces; missing escapes or markup?
28 | The final representation has length equal to floor(n / 2^{level}), where n is a length of original time series.
| ^
Flavors: r-devel-linux-x86_64-debian-clang, r-devel-linux-x86_64-debian-gcc, r-devel-linux-x86_64-fedora-clang, r-devel-linux-x86_64-fedora-gcc, r-devel-windows-x86_64, r-patched-linux-x86_64, r-release-linux-x86_64, r-release-macos-arm64, r-release-macos-x86_64, r-release-windows-x86_64