CRAN Package Check Results for Package TSstudio

Last updated on 2025-01-19 05:49:24 CET.

Flavor Version Tinstall Tcheck Ttotal Status Flags
r-devel-linux-x86_64-debian-clang 0.1.7 9.22 74.06 83.28 OK
r-devel-linux-x86_64-debian-gcc 0.1.7 4.61 50.51 55.12 OK
r-devel-linux-x86_64-fedora-clang 0.1.7 134.35 NOTE
r-devel-linux-x86_64-fedora-gcc 0.1.7 148.35 NOTE
r-devel-windows-x86_64 0.1.7 10.00 96.00 106.00 OK
r-patched-linux-x86_64 0.1.7 9.18 68.19 77.37 OK
r-release-linux-x86_64 0.1.7 9.12 69.74 78.86 OK
r-release-macos-arm64 0.1.7 41.00 OK
r-release-macos-x86_64 0.1.7 98.00 OK
r-release-windows-x86_64 0.1.7 9.00 232.00 241.00 OK
r-oldrel-macos-arm64 0.1.7 41.00 OK
r-oldrel-macos-x86_64 0.1.7 98.00 OK
r-oldrel-windows-x86_64 0.1.7 12.00 276.00 288.00 OK

Check Details

Version: 0.1.7
Check: dependencies in R code
Result: NOTE Namespace in Imports field not imported from: ‘forecastHybrid’ All declared Imports should be used. Flavors: r-devel-linux-x86_64-fedora-clang, r-devel-linux-x86_64-fedora-gcc