Last updated on 2019-12-08 12:47:35 CET.
Flavor | Version | Tinstall | Tcheck | Ttotal | Status | Flags |
---|---|---|---|---|---|---|
r-devel-linux-x86_64-debian-clang | 0.1.1 | 12.96 | 76.56 | 89.52 | OK | |
r-devel-linux-x86_64-debian-gcc | 0.1.1 | 10.25 | 59.97 | 70.22 | OK | |
r-devel-linux-x86_64-fedora-clang | 0.1.1 | 109.77 | OK | |||
r-devel-linux-x86_64-fedora-gcc | 0.1.1 | 102.83 | OK | |||
r-devel-windows-ix86+x86_64 | 0.1.1 | 20.00 | 124.00 | 144.00 | OK | |
r-devel-windows-ix86+x86_64-gcc8 | 0.1.1 | 21.00 | 88.00 | 109.00 | OK | |
r-patched-linux-x86_64 | 0.1.1 | 11.59 | 70.80 | 82.39 | OK | |
r-patched-solaris-x86 | 0.1.1 | 147.90 | OK | |||
r-release-linux-x86_64 | 0.1.1 | 11.81 | 70.21 | 82.02 | OK | |
r-release-windows-ix86+x86_64 | 0.1.1 | 25.00 | 80.00 | 105.00 | OK | |
r-release-osx-x86_64 | 0.1.1 | FAIL | ||||
r-oldrel-windows-ix86+x86_64 | 0.1.1 | 16.00 | 75.00 | 91.00 | OK | |
r-oldrel-osx-x86_64 | 0.1.1 | OK |
Version: 0.1.1
Check: whether package can be installed
Result: FAIL
Flavor: r-release-osx-x86_64