CRAN Package Check Results for Package TTCA

Last updated on 2020-07-06 12:48:49 CEST.

Flavor Version Tinstall Tcheck Ttotal Status Flags
r-devel-linux-x86_64-debian-clang 0.1.1 12.52 81.61 94.13 OK
r-devel-linux-x86_64-debian-gcc 0.1.1 11.10 63.70 74.80 OK
r-devel-linux-x86_64-fedora-clang 0.1.1 123.75 OK
r-devel-linux-x86_64-fedora-gcc 0.1.1 114.85 OK
r-devel-windows-ix86+x86_64 0.1.1 30.00 159.00 189.00 OK
r-patched-linux-x86_64 0.1.1 12.95 82.12 95.07 OK
r-patched-solaris-x86 0.1.1 167.40 OK
r-release-linux-x86_64 0.1.1 13.17 81.05 94.22 OK
r-release-osx-x86_64 0.1.1 OK
r-release-windows-ix86+x86_64 0.1.1 19.00 76.00 95.00 OK
r-oldrel-osx-x86_64 0.1.1 FAIL
r-oldrel-windows-ix86+x86_64 0.1.1 25.00 115.00 140.00 OK

Check Details

Version: 0.1.1
Check: whether package can be installed
Result: FAIL
Flavor: r-oldrel-osx-x86_64