Last updated on 2024-05-01 16:53:15 CEST.
Flavor | Version | Tinstall | Tcheck | Ttotal | Status | Flags |
---|---|---|---|---|---|---|
r-devel-linux-x86_64-debian-clang | 3.2.1 | 21.11 | 142.40 | 163.51 | NOTE | |
r-devel-linux-x86_64-debian-gcc | 3.2.1 | 16.27 | 103.19 | 119.46 | NOTE | |
r-devel-linux-x86_64-fedora-clang | 3.2.1 | 206.96 | NOTE | |||
r-devel-linux-x86_64-fedora-gcc | 3.2.1 | 193.76 | NOTE | |||
r-devel-windows-x86_64 | 3.2.1 | 14.00 | 98.00 | 112.00 | NOTE | |
r-patched-linux-x86_64 | 3.2.1 | 13.58 | 134.14 | 147.72 | NOTE | |
r-release-linux-x86_64 | 3.2.1 | 13.61 | 135.97 | 149.58 | NOTE | |
r-release-macos-arm64 | 3.2.1 | 84.00 | NOTE | |||
r-release-windows-x86_64 | 3.2.1 | 14.00 | 346.00 | 360.00 | NOTE | |
r-oldrel-macos-arm64 | 3.2.1 | 54.00 | NOTE | |||
r-oldrel-macos-x86_64 | 3.2.1 | 94.00 | NOTE | |||
r-oldrel-windows-x86_64 | 3.2.1 | 17.00 | 421.00 | 438.00 | NOTE |
Version: 3.2.1
Check: LazyData
Result: NOTE
'LazyData' is specified without a 'data' directory
Flavors: r-devel-linux-x86_64-debian-clang, r-devel-linux-x86_64-debian-gcc, r-devel-linux-x86_64-fedora-clang, r-devel-linux-x86_64-fedora-gcc, r-devel-windows-x86_64, r-patched-linux-x86_64, r-release-linux-x86_64, r-release-macos-arm64, r-release-windows-x86_64, r-oldrel-macos-arm64, r-oldrel-macos-x86_64, r-oldrel-windows-x86_64