Last updated on 2025-01-19 05:49:23 CET.
Flavor | Version | Tinstall | Tcheck | Ttotal | Status | Flags |
---|---|---|---|---|---|---|
r-devel-linux-x86_64-debian-clang | 2.13 | 12.72 | 78.59 | 91.31 | OK | |
r-devel-linux-x86_64-debian-gcc | 2.13 | 8.93 | 55.03 | 63.96 | OK | |
r-devel-linux-x86_64-fedora-clang | 2.13 | 147.86 | OK | |||
r-devel-linux-x86_64-fedora-gcc | 2.13 | 150.98 | OK | |||
r-devel-windows-x86_64 | 2.13 | 14.00 | 111.00 | 125.00 | OK | |
r-patched-linux-x86_64 | 2.13 | 14.85 | 73.33 | 88.18 | NOTE | |
r-release-linux-x86_64 | 2.13 | 11.26 | 76.57 | 87.83 | NOTE | |
r-release-macos-arm64 | 2.13 | 39.00 | NOTE | |||
r-release-macos-x86_64 | 2.13 | 106.00 | NOTE | |||
r-release-windows-x86_64 | 2.13 | 14.00 | 206.00 | 220.00 | OK | |
r-oldrel-macos-arm64 | 2.13 | 45.00 | NOTE | |||
r-oldrel-macos-x86_64 | 2.13 | 136.00 | NOTE | |||
r-oldrel-windows-x86_64 | 2.13 | 18.00 | 245.00 | 263.00 | OK |
Version: 2.13
Check: package dependencies
Result: NOTE
Package which this enhances but not available for checking: ‘R2wd’
Flavors: r-patched-linux-x86_64, r-release-linux-x86_64, r-release-macos-arm64, r-release-macos-x86_64, r-oldrel-macos-arm64, r-oldrel-macos-x86_64