Last updated on 2024-04-21 12:54:16 CEST.
Flavor | Version | Tinstall | Tcheck | Ttotal | Status | Flags |
---|---|---|---|---|---|---|
r-devel-linux-x86_64-debian-clang | 2.3.1 | 9.68 | 173.91 | 183.59 | OK | |
r-devel-linux-x86_64-debian-gcc | 2.3.1 | 6.77 | 137.30 | 144.07 | OK | |
r-devel-linux-x86_64-fedora-clang | 2.3.1 | 236.56 | NOTE | |||
r-devel-linux-x86_64-fedora-gcc | 2.3.1 | 243.22 | OK | |||
r-prerel-macos-arm64 | 2.3.1 | 53.00 | NOTE | |||
r-prerel-macos-x86_64 | 2.3.1 | 133.00 | NOTE | |||
r-prerel-windows-x86_64 | 2.3.1 | 9.00 | 145.00 | 154.00 | NOTE | |
r-patched-linux-x86_64 | 2.3.1 | 15.38 | 172.52 | 187.90 | OK | |
r-release-linux-x86_64 | 2.3.1 | 7.94 | 171.70 | 179.64 | OK | |
r-release-macos-arm64 | 2.3.1 | 63.00 | NOTE | |||
r-release-macos-x86_64 | 2.3.1 | 117.00 | NOTE | |||
r-release-windows-x86_64 | 2.3.1 | 13.00 | 178.00 | 191.00 | NOTE | |
r-oldrel-macos-arm64 | 2.3.1 | 71.00 | NOTE | |||
r-oldrel-windows-x86_64 | 2.3.1 | 12.00 | 322.00 | 334.00 | NOTE |
Version: 2.3.1
Check: installed package size
Result: NOTE
installed size is 7.0Mb
sub-directories of 1Mb or more:
doc 5.9Mb
Flavors: r-devel-linux-x86_64-fedora-clang, r-prerel-macos-arm64, r-prerel-macos-x86_64, r-prerel-windows-x86_64, r-release-macos-arm64, r-release-macos-x86_64, r-release-windows-x86_64, r-oldrel-macos-arm64, r-oldrel-windows-x86_64