CRAN Package Check Results for Package Ternary

Last updated on 2025-01-19 05:49:23 CET.

Flavor Version Tinstall Tcheck Ttotal Status Flags
r-devel-linux-x86_64-debian-clang 2.3.3 8.29 143.21 151.50 OK
r-devel-linux-x86_64-debian-gcc 2.3.3 5.54 109.35 114.89 OK
r-devel-linux-x86_64-fedora-clang 2.3.3 245.18 OK
r-devel-linux-x86_64-fedora-gcc 2.3.3 260.57 OK
r-devel-windows-x86_64 2.3.3 11.00 153.00 164.00 OK
r-patched-linux-x86_64 2.3.3 8.86 136.52 145.38 OK
r-release-linux-x86_64 2.3.3 6.84 135.68 142.52 OK
r-release-macos-arm64 2.3.3 64.00 NOTE
r-release-macos-x86_64 2.3.3 125.00 NOTE
r-release-windows-x86_64 2.3.3 10.00 154.00 164.00 NOTE
r-oldrel-macos-arm64 2.3.3 70.00 NOTE
r-oldrel-macos-x86_64 2.3.3 124.00 NOTE
r-oldrel-windows-x86_64 2.3.3 9.00 176.00 185.00 NOTE

Check Details

Version: 2.3.3
Check: installed package size
Result: NOTE installed size is 6.9Mb sub-directories of 1Mb or more: doc 5.9Mb Flavors: r-release-macos-arm64, r-release-macos-x86_64, r-release-windows-x86_64, r-oldrel-macos-arm64, r-oldrel-macos-x86_64, r-oldrel-windows-x86_64