Last updated on 2025-01-19 05:49:23 CET.
Flavor | Version | Tinstall | Tcheck | Ttotal | Status | Flags |
---|---|---|---|---|---|---|
r-devel-linux-x86_64-debian-clang | 0.1.2 | 5.94 | 102.83 | 108.77 | OK | |
r-devel-linux-x86_64-debian-gcc | 0.1.2 | 4.36 | 68.77 | 73.13 | OK | |
r-devel-linux-x86_64-fedora-clang | 0.1.2 | 170.39 | NOTE | |||
r-devel-linux-x86_64-fedora-gcc | 0.1.2 | 186.97 | NOTE | |||
r-devel-windows-x86_64 | 0.1.2 | 7.00 | 103.00 | 110.00 | OK | |
r-patched-linux-x86_64 | 0.1.2 | 5.41 | 93.64 | 99.05 | OK | |
r-release-linux-x86_64 | 0.1.2 | 5.14 | 94.80 | 99.94 | OK | |
r-release-macos-arm64 | 0.1.2 | 52.00 | OK | |||
r-release-macos-x86_64 | 0.1.2 | 84.00 | OK | |||
r-release-windows-x86_64 | 0.1.2 | 8.00 | 104.00 | 112.00 | OK | |
r-oldrel-macos-arm64 | 0.1.2 | 53.00 | OK | |||
r-oldrel-macos-x86_64 | 0.1.2 | 112.00 | OK | |||
r-oldrel-windows-x86_64 | 0.1.2 | 9.00 | 137.00 | 146.00 | OK |
Version: 0.1.2
Check: dependencies in R code
Result: NOTE
Namespaces in Imports field not imported from:
‘MASS’ ‘base’ ‘graphics’ ‘janitor’ ‘rlang’ ‘testthat’ ‘utils’
All declared Imports should be used.
Flavors: r-devel-linux-x86_64-fedora-clang, r-devel-linux-x86_64-fedora-gcc