Last updated on 2025-10-13 14:50:02 CEST.
| Flavor | Version | Tinstall | Tcheck | Ttotal | Status | Flags | 
|---|---|---|---|---|---|---|
| r-devel-linux-x86_64-debian-clang | 4.1.3 | 4.04 | 58.88 | 62.92 | NOTE | |
| r-devel-linux-x86_64-debian-gcc | 4.1.3 | 2.77 | 41.49 | 44.26 | NOTE | |
| r-devel-linux-x86_64-fedora-clang | 4.1.3 | 91.69 | OK | |||
| r-devel-linux-x86_64-fedora-gcc | 4.1.3 | 96.90 | OK | |||
| r-devel-windows-x86_64 | 4.1.3 | 6.00 | 103.00 | 109.00 | OK | |
| r-patched-linux-x86_64 | 4.1.3 | 5.33 | 56.64 | 61.97 | OK | |
| r-release-linux-x86_64 | 4.1.3 | 4.09 | 57.41 | 61.50 | OK | |
| r-release-macos-arm64 | 4.1.3 | 34.00 | OK | |||
| r-release-macos-x86_64 | 4.1.3 | 64.00 | OK | |||
| r-release-windows-x86_64 | 4.1.3 | 6.00 | 103.00 | 109.00 | OK | |
| r-oldrel-macos-arm64 | 4.1.3 | 31.00 | OK | |||
| r-oldrel-macos-x86_64 | 4.1.3 | 48.00 | OK | |||
| r-oldrel-windows-x86_64 | 4.1.3 | 6.00 | 118.00 | 124.00 | OK | 
Version: 4.1.3
Check: CRAN incoming feasibility
Result: NOTE
  Maintainer: ‘Glenn J. Tattersall <gtatters@brocku.ca>’
  
  No Authors@R field in DESCRIPTION.
  Please add one, modifying
    Authors@R: person(given = c("Glenn", "J."),
                      family = "Tattersall",
                      role = c("aut", "cre"),
                      email = "gtatters@brocku.ca")
  as necessary.
Flavors: r-devel-linux-x86_64-debian-clang, r-devel-linux-x86_64-debian-gcc