Last updated on 2024-03-28 14:48:44 CET.
Flavor | Version | Tinstall | Tcheck | Ttotal | Status | Flags |
---|---|---|---|---|---|---|
r-devel-linux-x86_64-debian-clang | 1.1.3 | 11.46 | 122.30 | 133.76 | NOTE | |
r-devel-linux-x86_64-debian-gcc | 1.1.3 | 10.30 | 91.15 | 101.45 | NOTE | |
r-devel-linux-x86_64-fedora-clang | 1.1.3 | 165.46 | NOTE | |||
r-devel-linux-x86_64-fedora-gcc | 1.1.3 | 177.42 | NOTE | |||
r-devel-windows-x86_64 | 1.1.3 | 12.00 | 113.00 | 125.00 | NOTE | |
r-patched-linux-x86_64 | 1.1.3 | 13.61 | 118.29 | 131.90 | NOTE | |
r-release-linux-x86_64 | 1.1.3 | 13.55 | 118.00 | 131.55 | OK | |
r-release-macos-arm64 | 1.1.3 | 67.00 | OK | |||
r-release-macos-x86_64 | 1.1.3 | 88.00 | OK | |||
r-release-windows-x86_64 | 1.1.3 | 16.00 | 147.00 | 163.00 | OK | |
r-oldrel-macos-arm64 | 1.1.3 | 56.00 | OK | |||
r-oldrel-windows-x86_64 | 1.1.3 | 17.00 | 159.00 | 176.00 | OK |
Version: 1.1.3
Check: Rd files
Result: NOTE
checkRd: (-1) 01-dataObjects.Rd:18-19: Lost braces
18 | \item \code{sigma}{: A list of length five; each entry is a covariance matrix
| ^
checkRd: (-1) 01-dataObjects.Rd:20-23: Lost braces
20 | \item \code{savedSims}{: A list of length five; each entry is a
| ^
checkRd: (-1) 01-dataObjects.Rd:24-26: Lost braces
24 | \item \code{savedReap}{: A list of length five; each entry is a
| ^
Flavors: r-devel-linux-x86_64-debian-clang, r-devel-linux-x86_64-debian-gcc, r-devel-linux-x86_64-fedora-clang, r-devel-linux-x86_64-fedora-gcc, r-devel-windows-x86_64, r-patched-linux-x86_64