Last updated on 2025-01-19 05:49:24 CET.
Flavor | Version | Tinstall | Tcheck | Ttotal | Status | Flags |
---|---|---|---|---|---|---|
r-devel-linux-x86_64-debian-clang | 1.2.3 | 30.21 | 303.80 | 334.01 | OK | |
r-devel-linux-x86_64-debian-gcc | 1.2.3 | 22.52 | 215.34 | 237.86 | OK | |
r-devel-linux-x86_64-fedora-clang | 1.2.3 | 542.16 | OK | |||
r-devel-linux-x86_64-fedora-gcc | 1.2.3 | 592.72 | OK | |||
r-devel-windows-x86_64 | 1.2.3 | 36.00 | 378.00 | 414.00 | OK | |
r-patched-linux-x86_64 | 1.2.3 | 32.24 | 297.57 | 329.81 | OK | |
r-release-linux-x86_64 | 1.2.3 | 31.74 | 296.38 | 328.12 | OK | |
r-release-macos-arm64 | 1.2.3 | 165.00 | NOTE | |||
r-release-macos-x86_64 | 1.2.3 | 264.00 | NOTE | |||
r-release-windows-x86_64 | 1.2.3 | 33.00 | 369.00 | 402.00 | OK | |
r-oldrel-macos-arm64 | 1.2.3 | 186.00 | NOTE | |||
r-oldrel-macos-x86_64 | 1.2.3 | 439.00 | NOTE | |||
r-oldrel-windows-x86_64 | 1.2.3 | 40.00 | 445.00 | 485.00 | OK |
Version: 1.2.3
Check: installed package size
Result: NOTE
installed size is 5.8Mb
sub-directories of 1Mb or more:
doc 1.7Mb
libs 3.5Mb
Flavors: r-release-macos-arm64, r-release-macos-x86_64, r-oldrel-macos-arm64, r-oldrel-macos-x86_64