Last updated on 2025-01-19 05:49:23 CET.
Flavor | Version | Tinstall | Tcheck | Ttotal | Status | Flags |
---|---|---|---|---|---|---|
r-devel-linux-x86_64-debian-clang | 0.1.1 | 2.59 | 35.50 | 38.09 | OK | |
r-devel-linux-x86_64-debian-gcc | 0.1.1 | 1.70 | 27.36 | 29.06 | OK | |
r-devel-linux-x86_64-fedora-clang | 0.1.1 | 59.92 | NOTE | |||
r-devel-linux-x86_64-fedora-gcc | 0.1.1 | 72.87 | NOTE | |||
r-devel-windows-x86_64 | 0.1.1 | 6.00 | 55.00 | 61.00 | OK | |
r-patched-linux-x86_64 | 0.1.1 | 2.55 | 32.16 | 34.71 | OK | |
r-release-linux-x86_64 | 0.1.1 | 2.16 | 32.31 | 34.47 | OK | |
r-release-macos-arm64 | 0.1.1 | 29.00 | OK | |||
r-release-macos-x86_64 | 0.1.1 | 67.00 | OK | |||
r-release-windows-x86_64 | 0.1.1 | 5.00 | 55.00 | 60.00 | OK | |
r-oldrel-macos-arm64 | 0.1.1 | 37.00 | OK | |||
r-oldrel-macos-x86_64 | 0.1.1 | 71.00 | OK | |||
r-oldrel-windows-x86_64 | 0.1.1 | 7.00 | 61.00 | 68.00 | OK |
Version: 0.1.1
Check: dependencies in R code
Result: NOTE
Namespaces in Imports field not imported from:
‘Ckmeans.1d.dp’ ‘autostats’ ‘badger’ ‘framecleaner’ ‘presenter’
‘tidybins’ ‘validata’
All declared Imports should be used.
Flavors: r-devel-linux-x86_64-fedora-clang, r-devel-linux-x86_64-fedora-gcc