CRAN Package Check Results for Package TileManager

Last updated on 2019-10-18 12:47:54 CEST.

Flavor Version Tinstall Tcheck Ttotal Status Flags
r-devel-linux-x86_64-debian-clang 0.3.0 2.88 35.55 38.43 OK
r-devel-linux-x86_64-debian-gcc 0.3.0 2.29 27.91 30.20 OK
r-devel-linux-x86_64-fedora-clang 0.3.0 46.03 NOTE
r-devel-linux-x86_64-fedora-gcc 0.3.0 46.95 NOTE
r-devel-windows-ix86+x86_64 0.3.0 9.00 65.00 74.00 OK
r-patched-linux-x86_64 0.3.0 2.52 34.37 36.89 OK
r-patched-solaris-x86 0.3.0 71.80 NOTE
r-release-linux-x86_64 0.3.0 2.02 34.47 36.49 OK
r-release-windows-ix86+x86_64 0.3.0 4.00 64.00 68.00 OK
r-release-osx-x86_64 0.3.0 NOTE
r-oldrel-windows-ix86+x86_64 0.3.0 3.00 45.00 48.00 OK
r-oldrel-osx-x86_64 0.3.0 NOTE

Check Details

Version: 0.3.0
Check: dependencies in R code
Result: NOTE
    Namespace in Imports field not imported from: ‘graphics’
     All declared Imports should be used.
Flavors: r-devel-linux-x86_64-fedora-clang, r-devel-linux-x86_64-fedora-gcc, r-patched-solaris-x86, r-release-osx-x86_64, r-oldrel-osx-x86_64