Last updated on 2025-01-19 05:49:23 CET.
Flavor | Version | Tinstall | Tcheck | Ttotal | Status | Flags |
---|---|---|---|---|---|---|
r-devel-linux-x86_64-debian-clang | 0.3.1 | 7.37 | 70.24 | 77.61 | NOTE | |
r-devel-linux-x86_64-debian-gcc | 0.3.1 | 4.99 | 52.38 | 57.37 | NOTE | |
r-devel-linux-x86_64-fedora-clang | 0.3.1 | 124.21 | NOTE | |||
r-devel-linux-x86_64-fedora-gcc | 0.3.1 | 132.87 | NOTE | |||
r-devel-windows-x86_64 | 0.3.1 | 9.00 | 86.00 | 95.00 | NOTE | |
r-patched-linux-x86_64 | 0.3.1 | 7.07 | 67.17 | 74.24 | NOTE | |
r-release-linux-x86_64 | 0.3.1 | 7.01 | 67.71 | 74.72 | NOTE | |
r-release-macos-arm64 | 0.3.1 | 40.00 | NOTE | |||
r-release-macos-x86_64 | 0.3.1 | 63.00 | NOTE | |||
r-release-windows-x86_64 | 0.3.1 | 7.00 | 86.00 | 93.00 | NOTE | |
r-oldrel-macos-arm64 | 0.3.1 | 43.00 | OK | |||
r-oldrel-macos-x86_64 | 0.3.1 | 60.00 | OK | |||
r-oldrel-windows-x86_64 | 0.3.1 | 10.00 | 98.00 | 108.00 | OK |
Version: 0.3.1
Check: Rd files
Result: NOTE
checkRd: (-1) alcohol.Rd:16-18: Lost braces in \itemize; meant \describe ?
checkRd: (-1) alcohol.Rd:19-21: Lost braces in \itemize; meant \describe ?
checkRd: (-1) alcohol.Rd:22-26: Lost braces in \itemize; meant \describe ?
Flavors: r-devel-linux-x86_64-debian-clang, r-devel-linux-x86_64-debian-gcc, r-devel-linux-x86_64-fedora-clang, r-devel-linux-x86_64-fedora-gcc, r-devel-windows-x86_64, r-patched-linux-x86_64, r-release-linux-x86_64, r-release-macos-arm64, r-release-macos-x86_64, r-release-windows-x86_64