Last updated on 2025-01-19 05:49:24 CET.
Flavor | Version | Tinstall | Tcheck | Ttotal | Status | Flags |
---|---|---|---|---|---|---|
r-devel-linux-x86_64-debian-clang | 0.10.1 | 6.17 | 73.01 | 79.18 | NOTE | |
r-devel-linux-x86_64-debian-gcc | 0.10.1 | 4.12 | 49.60 | 53.72 | NOTE | |
r-devel-linux-x86_64-fedora-clang | 0.10.1 | 122.82 | NOTE | |||
r-devel-linux-x86_64-fedora-gcc | 0.10.1 | 130.08 | NOTE | |||
r-devel-windows-x86_64 | 0.10.1 | 8.00 | 87.00 | 95.00 | NOTE | |
r-patched-linux-x86_64 | 0.10.1 | 5.85 | 66.40 | 72.25 | NOTE | |
r-release-linux-x86_64 | 0.10.1 | 5.25 | 65.93 | 71.18 | NOTE | |
r-release-macos-arm64 | 0.10.1 | 35.00 | NOTE | |||
r-release-macos-x86_64 | 0.10.1 | 57.00 | NOTE | |||
r-release-windows-x86_64 | 0.10.1 | 8.00 | 88.00 | 96.00 | NOTE | |
r-oldrel-macos-arm64 | 0.10.1 | 41.00 | OK | |||
r-oldrel-macos-x86_64 | 0.10.1 | 62.00 | OK | |||
r-oldrel-windows-x86_64 | 0.10.1 | 10.00 | 100.00 | 110.00 | OK |
Version: 0.10.1
Check: Rd files
Result: NOTE
checkRd: (-1) TopDom.Rd:21: Lost braces; missing escapes or markup?
21 | Recommended range is in {5, ..., 20}.}
| ^
Flavors: r-devel-linux-x86_64-debian-clang, r-devel-linux-x86_64-debian-gcc, r-devel-linux-x86_64-fedora-clang, r-devel-linux-x86_64-fedora-gcc, r-devel-windows-x86_64, r-patched-linux-x86_64, r-release-linux-x86_64, r-release-macos-arm64, r-release-macos-x86_64, r-release-windows-x86_64