Last updated on 2024-05-01 16:53:15 CEST.
Flavor | Version | Tinstall | Tcheck | Ttotal | Status | Flags |
---|---|---|---|---|---|---|
r-devel-linux-x86_64-debian-clang | 1.4.5 | 30.30 | 136.77 | 167.07 | NOTE | |
r-devel-linux-x86_64-debian-gcc | 1.4.5 | 28.91 | 99.67 | 128.58 | NOTE | |
r-devel-linux-x86_64-fedora-clang | 1.4.5 | 219.56 | NOTE | |||
r-devel-linux-x86_64-fedora-gcc | 1.4.5 | 226.59 | NOTE | |||
r-devel-windows-x86_64 | 1.4.5 | 28.00 | 140.00 | 168.00 | NOTE | |
r-patched-linux-x86_64 | 1.4.5 | 31.16 | 129.72 | 160.88 | NOTE | |
r-release-linux-x86_64 | 1.4.5 | 37.64 | 129.71 | 167.35 | NOTE | |
r-release-macos-arm64 | 1.4.5 | 70.00 | NOTE | |||
r-release-windows-x86_64 | 1.4.5 | 30.00 | 146.00 | 176.00 | NOTE | |
r-oldrel-macos-arm64 | 1.4.5 | 90.00 | NOTE | |||
r-oldrel-macos-x86_64 | 1.4.5 | 149.00 | NOTE | |||
r-oldrel-windows-x86_64 | 1.4.5 | 38.00 | 258.00 | 296.00 | NOTE |
Version: 1.4.5
Check: C++ specification
Result: NOTE
Specified C++11: please drop specification unless essential
Flavors: r-devel-linux-x86_64-debian-clang, r-devel-linux-x86_64-debian-gcc, r-devel-linux-x86_64-fedora-clang, r-devel-linux-x86_64-fedora-gcc, r-devel-windows-x86_64, r-patched-linux-x86_64, r-release-linux-x86_64, r-release-macos-arm64, r-release-windows-x86_64, r-oldrel-macos-arm64, r-oldrel-macos-x86_64, r-oldrel-windows-x86_64