CRAN Package Check Results for Package TransPhylo

Last updated on 2025-01-19 05:49:24 CET.

Flavor Version Tinstall Tcheck Ttotal Status Flags
r-devel-linux-x86_64-debian-clang 1.4.5 20.66 110.84 131.50 NOTE
r-devel-linux-x86_64-debian-gcc 1.4.5 14.50 86.06 100.56 NOTE
r-devel-linux-x86_64-fedora-clang 1.4.5 216.78 NOTE
r-devel-linux-x86_64-fedora-gcc 1.4.5 238.55 NOTE
r-devel-windows-x86_64 1.4.5 24.00 162.00 186.00 NOTE
r-patched-linux-x86_64 1.4.5 21.96 105.62 127.58 NOTE
r-release-linux-x86_64 1.4.5 19.92 106.12 126.04 NOTE
r-release-macos-arm64 1.4.5 70.00 NOTE
r-release-macos-x86_64 1.4.5 104.00 NOTE
r-release-windows-x86_64 1.4.5 24.00 142.00 166.00 NOTE
r-oldrel-macos-arm64 1.4.5 90.00 NOTE
r-oldrel-macos-x86_64 1.4.5 149.00 NOTE
r-oldrel-windows-x86_64 1.4.5 28.00 183.00 211.00 NOTE

Check Details

Version: 1.4.5
Check: C++ specification
Result: NOTE Specified C++11: please drop specification unless essential Flavors: r-devel-linux-x86_64-debian-clang, r-devel-linux-x86_64-debian-gcc, r-devel-linux-x86_64-fedora-clang, r-devel-linux-x86_64-fedora-gcc, r-devel-windows-x86_64, r-patched-linux-x86_64, r-release-linux-x86_64, r-release-macos-arm64, r-release-macos-x86_64, r-release-windows-x86_64, r-oldrel-macos-arm64, r-oldrel-macos-x86_64, r-oldrel-windows-x86_64