Last updated on 2025-01-19 05:49:24 CET.
Flavor | Version | Tinstall | Tcheck | Ttotal | Status | Flags |
---|---|---|---|---|---|---|
r-devel-linux-x86_64-debian-clang | 0.0.6 | 51.89 | 438.87 | 490.76 | OK | |
r-devel-linux-x86_64-debian-gcc | 0.0.6 | 38.94 | 299.40 | 338.34 | OK | |
r-devel-linux-x86_64-fedora-clang | 0.0.6 | 840.00 | OK | |||
r-devel-linux-x86_64-fedora-gcc | 0.0.6 | 784.66 | OK | |||
r-devel-windows-x86_64 | 0.0.6 | 52.00 | 429.00 | 481.00 | OK | |
r-patched-linux-x86_64 | 0.0.6 | 46.29 | 399.11 | 445.40 | OK | |
r-release-linux-x86_64 | 0.0.6 | 49.53 | 392.11 | 441.64 | OK | |
r-release-macos-arm64 | 0.0.6 | 145.00 | OK | |||
r-release-macos-x86_64 | 0.0.6 | 11.00 | ERROR | |||
r-release-windows-x86_64 | 0.0.6 | 52.00 | 409.00 | 461.00 | OK | |
r-oldrel-macos-arm64 | 0.0.6 | 9.00 | ERROR | |||
r-oldrel-macos-x86_64 | 0.0.6 | 11.00 | ERROR | |||
r-oldrel-windows-x86_64 | 0.0.6 | 69.00 | 570.00 | 639.00 | OK |
Version: 0.0.6
Check: package dependencies
Result: ERROR
Package required but not available: ‘ggtreeExtra’
See section ‘The DESCRIPTION file’ in the ‘Writing R Extensions’
manual.
Flavors: r-release-macos-x86_64, r-oldrel-macos-arm64, r-oldrel-macos-x86_64