CRAN Package Check Results for Package TreatmentSelection

Last updated on 2025-01-19 05:49:24 CET.

Flavor Version Tinstall Tcheck Ttotal Status Flags
r-devel-linux-x86_64-debian-clang 2.1.1 14.87 96.66 111.53 NOTE
r-devel-linux-x86_64-debian-gcc 2.1.1 8.77 65.78 74.55 NOTE
r-devel-linux-x86_64-fedora-clang 2.1.1 172.19 NOTE
r-devel-linux-x86_64-fedora-gcc 2.1.1 171.43 NOTE
r-devel-windows-x86_64 2.1.1 14.00 100.00 114.00 NOTE
r-patched-linux-x86_64 2.1.1 12.24 85.94 98.18 NOTE
r-release-linux-x86_64 2.1.1 11.92 87.93 99.85 NOTE
r-release-macos-arm64 2.1.1 46.00 NOTE
r-release-macos-x86_64 2.1.1 73.00 NOTE
r-release-windows-x86_64 2.1.1 16.00 101.00 117.00 NOTE
r-oldrel-macos-arm64 2.1.1 69.00 OK
r-oldrel-macos-x86_64 2.1.1 82.00 OK
r-oldrel-windows-x86_64 2.1.1 17.00 118.00 135.00 OK

Check Details

Version: 2.1.1
Check: Rd files
Result: NOTE checkRd: (-1) trtsel.Rd:69: Lost braces; missing escapes or markup? 69 | numeric with two values {0,1} and gaussian(link = "identity") otherwise. | ^ Flavors: r-devel-linux-x86_64-debian-clang, r-devel-linux-x86_64-debian-gcc, r-devel-linux-x86_64-fedora-clang, r-devel-linux-x86_64-fedora-gcc, r-devel-windows-x86_64, r-patched-linux-x86_64, r-release-linux-x86_64, r-release-macos-arm64, r-release-macos-x86_64, r-release-windows-x86_64