Last updated on 2024-05-01 16:53:15 CEST.
Flavor | Version | Tinstall | Tcheck | Ttotal | Status | Flags |
---|---|---|---|---|---|---|
r-devel-linux-x86_64-debian-clang | 1.0.1 | 3.72 | 56.67 | 60.39 | OK | |
r-devel-linux-x86_64-debian-gcc | 1.0.1 | 2.63 | 44.99 | 47.62 | OK | |
r-devel-linux-x86_64-fedora-clang | 1.0.1 | 78.41 | NOTE | |||
r-devel-linux-x86_64-fedora-gcc | 1.0.1 | 73.60 | NOTE | |||
r-devel-windows-x86_64 | 1.0.1 | 5.00 | 69.00 | 74.00 | OK | |
r-patched-linux-x86_64 | 1.0.1 | 2.99 | 56.28 | 59.27 | OK | |
r-release-linux-x86_64 | 1.0.1 | 3.60 | 57.77 | 61.37 | OK | |
r-release-macos-arm64 | 1.0.1 | 28.00 | OK | |||
r-release-macos-x86_64 | 1.0.1 | 74.00 | OK | |||
r-release-windows-x86_64 | 1.0.1 | 5.00 | 68.00 | 73.00 | OK | |
r-oldrel-macos-arm64 | 1.0.1 | 35.00 | OK | |||
r-oldrel-macos-x86_64 | 1.0.1 | 66.00 | OK | |||
r-oldrel-windows-x86_64 | 1.0.1 | 6.00 | 146.00 | 152.00 | OK |
Version: 1.0.1
Check: data for non-ASCII characters
Result: NOTE
Note: found 3 marked UTF-8 strings
Flavors: r-devel-linux-x86_64-fedora-clang, r-devel-linux-x86_64-fedora-gcc