Last updated on 2025-01-19 05:49:24 CET.
Flavor | Version | Tinstall | Tcheck | Ttotal | Status | Flags |
---|---|---|---|---|---|---|
r-devel-linux-x86_64-debian-clang | 1.13.0 | 72.50 | 154.81 | 227.31 | OK | |
r-devel-linux-x86_64-debian-gcc | 1.13.0 | 53.27 | 104.19 | 157.46 | OK | |
r-devel-linux-x86_64-fedora-clang | 1.13.0 | 410.95 | OK | |||
r-devel-linux-x86_64-fedora-gcc | 1.13.0 | 408.72 | OK | |||
r-devel-windows-x86_64 | 1.13.0 | 79.00 | 203.00 | 282.00 | OK | |
r-patched-linux-x86_64 | 1.13.0 | 80.61 | 142.87 | 223.48 | OK | |
r-release-linux-x86_64 | 1.13.0 | 77.42 | 142.33 | 219.75 | OK | |
r-release-macos-arm64 | 1.13.0 | 102.00 | NOTE | |||
r-release-macos-x86_64 | 1.13.0 | 210.00 | NOTE | |||
r-release-windows-x86_64 | 1.13.0 | 77.00 | 200.00 | 277.00 | OK | |
r-oldrel-macos-arm64 | 1.13.0 | 112.00 | NOTE | |||
r-oldrel-macos-x86_64 | 1.13.0 | 194.00 | NOTE | |||
r-oldrel-windows-x86_64 | 1.13.0 | 92.00 | 250.00 | 342.00 | OK |
Version: 1.13.0
Check: installed package size
Result: NOTE
installed size is 6.1Mb
sub-directories of 1Mb or more:
R 1.1Mb
libs 3.9Mb
Flavors: r-release-macos-arm64, r-release-macos-x86_64, r-oldrel-macos-arm64, r-oldrel-macos-x86_64