CRAN Package Check Results for Package TriMatch

Last updated on 2025-01-19 05:49:24 CET.

Flavor Version Tinstall Tcheck Ttotal Status Flags
r-devel-linux-x86_64-debian-clang 0.9.9 12.87 93.43 106.30 NOTE
r-devel-linux-x86_64-debian-gcc 0.9.9 9.96 65.02 74.98 NOTE
r-devel-linux-x86_64-fedora-clang 0.9.9 172.89 OK
r-devel-linux-x86_64-fedora-gcc 0.9.9 171.17 OK
r-devel-windows-x86_64 0.9.9 15.00 108.00 123.00 NOTE
r-patched-linux-x86_64 0.9.9 19.42 86.14 105.56 OK
r-release-linux-x86_64 0.9.9 12.73 87.64 100.37 OK
r-release-macos-arm64 0.9.9 47.00 OK
r-release-macos-x86_64 0.9.9 75.00 OK
r-release-windows-x86_64 0.9.9 14.00 109.00 123.00 OK
r-oldrel-macos-arm64 0.9.9 55.00 OK
r-oldrel-macos-x86_64 0.9.9 72.00 OK
r-oldrel-windows-x86_64 0.9.9 19.00 125.00 144.00 OK

Check Details

Version: 0.9.9
Check: Rd cross-references
Result: NOTE Found the following Rd file(s) with Rd \link{} targets missing package anchors: balance.plot.Rd: theme covariateBalance.Rd: cv.bal.psa loess3.plot.Rd: geom_point, geom_jitter, scale_colour_brewer, geom_smooth, stat_smooth multibalance.plot.Rd: cv.bal.psa summary.triangle.matches.Rd: ezANOVA Please provide package anchors for all Rd \link{} targets not in the package itself and the base packages. Flavors: r-devel-linux-x86_64-debian-clang, r-devel-linux-x86_64-debian-gcc, r-devel-windows-x86_64