CRAN Package Check Results for Package TukeyC

Last updated on 2025-01-19 05:49:24 CET.

Flavor Version Tinstall Tcheck Ttotal Status Flags
r-devel-linux-x86_64-debian-clang 1.3-42 11.21 89.90 101.11 NOTE
r-devel-linux-x86_64-debian-gcc 1.3-42 6.40 66.80 73.20 NOTE
r-devel-linux-x86_64-fedora-clang 1.3-42 166.02 OK
r-devel-linux-x86_64-fedora-gcc 1.3-42 164.95 OK
r-devel-windows-x86_64 1.3-42 12.00 106.00 118.00 NOTE
r-patched-linux-x86_64 1.3-42 18.26 84.11 102.37 OK
r-release-linux-x86_64 1.3-42 9.31 84.11 93.42 OK
r-release-macos-arm64 1.3-42 45.00 OK
r-release-macos-x86_64 1.3-42 82.00 OK
r-release-windows-x86_64 1.3-42 11.00 105.00 116.00 OK
r-oldrel-macos-arm64 1.3-42 52.00 OK
r-oldrel-macos-x86_64 1.3-42 119.00 OK
r-oldrel-windows-x86_64 1.3-42 14.00 136.00 150.00 OK

Check Details

Version: 1.3-42
Check: Rd cross-references
Result: NOTE Found the following Rd file(s) with Rd \link{} targets missing package anchors: xtable.TukeyC.Rd: xtable Please provide package anchors for all Rd \link{} targets not in the package itself and the base packages. Flavors: r-devel-linux-x86_64-debian-clang, r-devel-linux-x86_64-debian-gcc, r-devel-windows-x86_64