Last updated on 2024-04-17 13:57:47 CEST.
Flavor | Version | Tinstall | Tcheck | Ttotal | Status | Flags |
---|---|---|---|---|---|---|
r-devel-linux-x86_64-debian-clang | 0.1.6.3 | 126.19 | 69.43 | 195.62 | OK | |
r-devel-linux-x86_64-debian-gcc | 0.1.6.3 | 95.80 | 53.34 | 149.14 | OK | |
r-devel-linux-x86_64-fedora-clang | 0.1.6.3 | 266.35 | OK | |||
r-devel-linux-x86_64-fedora-gcc | 0.1.6.3 | 275.97 | OK | |||
r-prerel-macos-arm64 | 0.1.6.3 | 59.00 | NOTE | |||
r-prerel-windows-x86_64 | 0.1.6.3 | 103.00 | 97.00 | 200.00 | OK | |
r-patched-linux-x86_64 | 0.1.6.3 | 126.34 | 67.63 | 193.97 | OK | |
r-release-linux-x86_64 | 0.1.6.3 | 117.90 | 67.59 | 185.49 | OK | |
r-release-macos-arm64 | 0.1.6.3 | 77.00 | NOTE | |||
r-release-macos-x86_64 | 0.1.6.3 | 69.00 | NOTE | |||
r-release-windows-x86_64 | 0.1.6.3 | 130.00 | 131.00 | 261.00 | OK | |
r-oldrel-macos-arm64 | 0.1.6.3 | 71.00 | NOTE | |||
r-oldrel-windows-x86_64 | 0.1.6.3 | 112.00 | 264.00 | 376.00 | OK |
Version: 0.1.6.3
Check: installed package size
Result: NOTE
installed size is 5.6Mb
sub-directories of 1Mb or more:
libs 5.5Mb
Flavors: r-prerel-macos-arm64, r-release-macos-arm64, r-release-macos-x86_64, r-oldrel-macos-arm64