CRAN Package Check Results for Package TukeyRegion

Last updated on 2025-01-19 05:49:24 CET.

Flavor Version Tinstall Tcheck Ttotal Status Flags
r-devel-linux-x86_64-debian-clang 0.1.6.3 69.69 48.39 118.08 NOTE
r-devel-linux-x86_64-debian-gcc 0.1.6.3 55.37 41.58 96.95 NOTE
r-devel-linux-x86_64-fedora-clang 0.1.6.3 207.99 OK
r-devel-linux-x86_64-fedora-gcc 0.1.6.3 239.29 OK
r-devel-windows-x86_64 0.1.6.3 86.00 96.00 182.00 NOTE
r-patched-linux-x86_64 0.1.6.3 79.04 47.11 126.15 OK
r-release-linux-x86_64 0.1.6.3 81.69 47.29 128.98 OK
r-release-macos-arm64 0.1.6.3 59.00 NOTE
r-release-macos-x86_64 0.1.6.3 64.00 NOTE
r-release-windows-x86_64 0.1.6.3 84.00 92.00 176.00 OK
r-oldrel-macos-arm64 0.1.6.3 77.00 NOTE
r-oldrel-macos-x86_64 0.1.6.3 69.00 NOTE
r-oldrel-windows-x86_64 0.1.6.3 95.00 110.00 205.00 OK

Check Details

Version: 0.1.6.3
Check: Rd cross-references
Result: NOTE Found the following Rd file(s) with Rd \link{} targets missing package anchors: TukeyRegion-package.Rd: depth.halfspace, ddalpha depth.wm.Rd: depth.halfspace, ddalpha plot.TukeyRegion.Rd: rgl Please provide package anchors for all Rd \link{} targets not in the package itself and the base packages. Flavors: r-devel-linux-x86_64-debian-clang, r-devel-linux-x86_64-debian-gcc, r-devel-windows-x86_64

Version: 0.1.6.3
Check: installed package size
Result: NOTE installed size is 5.6Mb sub-directories of 1Mb or more: libs 5.5Mb Flavors: r-release-macos-arm64, r-release-macos-x86_64, r-oldrel-macos-arm64, r-oldrel-macos-x86_64