Last updated on 2024-05-01 16:53:15 CEST.
Flavor | Version | Tinstall | Tcheck | Ttotal | Status | Flags |
---|---|---|---|---|---|---|
r-devel-linux-x86_64-debian-clang | 1.0.3 | 2.87 | 32.76 | 35.63 | OK | |
r-devel-linux-x86_64-debian-gcc | 1.0.3 | 1.95 | 24.03 | 25.98 | OK | |
r-devel-linux-x86_64-fedora-clang | 1.0.3 | 44.41 | OK | |||
r-devel-linux-x86_64-fedora-gcc | 1.0.3 | 40.82 | OK | |||
r-devel-windows-x86_64 | 1.0.3 | 5.00 | 45.00 | 50.00 | OK | |
r-patched-linux-x86_64 | 1.0.2 | 3.54 | 30.94 | 34.48 | NOTE | |
r-release-linux-x86_64 | 1.0.3 | 2.56 | 31.44 | 34.00 | OK | |
r-release-macos-arm64 | 1.0.3 | 18.00 | OK | |||
r-release-macos-x86_64 | 1.0.3 | 41.00 | OK | |||
r-release-windows-x86_64 | 1.0.3 | 6.00 | 44.00 | 50.00 | OK | |
r-oldrel-macos-arm64 | 1.0.3 | 23.00 | OK | |||
r-oldrel-macos-x86_64 | 1.0.3 | 37.00 | OK | |||
r-oldrel-windows-x86_64 | 1.0.3 | 6.00 | 45.00 | 51.00 | OK |
Version: 1.0.2
Check: Rd files
Result: NOTE
checkRd: (-1) Lp.Rd:35-39: Lost braces
35 | Lp<- function(a, data, sgl){
| ^
checkRd: (-1) Lp.Rd:38: Lost braces
38 | sapply(a,FUN=function(a){prod((psip(sgl,a)^ndlt)*((1-psip(sgl,a))^(npt-ndlt)))})
| ^
checkRd: (-1) Lp.Rd:42-46: Lost braces
42 | Lt<- function(a, data, sgl){
| ^
checkRd: (-1) Lp.Rd:45: Lost braces
45 | sapply(a,FUN=function(a){prod((psit(sgl,a)^ndlt)*((1-psit(sgl,a))^(npt-ndlt)))})
| ^
checkRd: (-1) Lp.Rd:49-53: Lost braces
49 | Ll<- function(a, data, sgl){
| ^
checkRd: (-1) Lp.Rd:52: Lost braces
52 | sapply(a,FUN=function(a){prod((psil(sgl,a)^ndlt)*((1-psil(sgl,a))^(npt-ndlt)))})
| ^
Flavor: r-patched-linux-x86_64