Last updated on 2025-01-19 05:49:24 CET.
Flavor | Version | Tinstall | Tcheck | Ttotal | Status | Flags |
---|---|---|---|---|---|---|
r-devel-linux-x86_64-debian-clang | 2.1.0 | 14.30 | 85.08 | 99.38 | OK | |
r-devel-linux-x86_64-debian-gcc | 2.1.0 | 8.41 | 58.70 | 67.11 | OK | |
r-devel-linux-x86_64-fedora-clang | 2.1.0 | 162.44 | OK | |||
r-devel-linux-x86_64-fedora-gcc | 2.1.0 | 167.96 | OK | |||
r-devel-windows-x86_64 | 2.1.0 | 19.00 | 114.00 | 133.00 | OK | |
r-patched-linux-x86_64 | 2.1.0 | 12.50 | 79.04 | 91.54 | OK | |
r-release-linux-x86_64 | 2.1.0 | 12.70 | 81.04 | 93.74 | OK | |
r-release-macos-arm64 | 2.1.0 | 37.00 | NOTE | |||
r-release-macos-x86_64 | 2.1.0 | 76.00 | NOTE | |||
r-release-windows-x86_64 | 2.1.0 | 20.00 | 115.00 | 135.00 | NOTE | |
r-oldrel-macos-arm64 | 2.1.0 | 50.00 | NOTE | |||
r-oldrel-macos-x86_64 | 2.1.0 | 73.00 | NOTE | |||
r-oldrel-windows-x86_64 | 2.1.0 | 25.00 | 145.00 | 170.00 | NOTE |
Version: 2.1.0
Check: installed package size
Result: NOTE
installed size is 7.9Mb
sub-directories of 1Mb or more:
data 1.1Mb
doc 1.4Mb
shinyapp 4.9Mb
Flavors: r-release-macos-arm64, r-release-macos-x86_64, r-release-windows-x86_64, r-oldrel-macos-arm64, r-oldrel-macos-x86_64, r-oldrel-windows-x86_64