Last updated on 2025-01-19 05:49:24 CET.
Flavor | Version | Tinstall | Tcheck | Ttotal | Status | Flags |
---|---|---|---|---|---|---|
r-devel-linux-x86_64-debian-clang | 0.3.9 | 15.51 | 114.35 | 129.86 | OK | |
r-devel-linux-x86_64-debian-gcc | 0.3.9 | 8.96 | 71.45 | 80.41 | OK | |
r-devel-linux-x86_64-fedora-clang | 0.3.9 | 213.55 | OK | |||
r-devel-linux-x86_64-fedora-gcc | 0.3.9 | 201.81 | OK | |||
r-devel-windows-x86_64 | 0.3.9 | 16.00 | 142.00 | 158.00 | OK | |
r-patched-linux-x86_64 | 0.3.9 | 14.88 | 107.37 | 122.25 | OK | |
r-release-linux-x86_64 | 0.3.9 | 14.24 | 109.69 | 123.93 | OK | |
r-release-macos-arm64 | 0.3.9 | 59.00 | OK | |||
r-release-macos-x86_64 | 0.3.9 | 120.00 | ERROR | |||
r-release-windows-x86_64 | 0.3.9 | 14.00 | 140.00 | 154.00 | OK | |
r-oldrel-macos-arm64 | 0.3.9 | 60.00 | OK | |||
r-oldrel-macos-x86_64 | 0.3.9 | 105.00 | ERROR | |||
r-oldrel-windows-x86_64 | 0.3.9 | 20.00 | 166.00 | 186.00 | OK |
Version: 0.3.9
Check: examples
Result: ERROR
Running examples in ‘UKFE-Ex.R’ failed
The error most likely occurred in:
> ### Name: MonthlyStats
> ### Title: Monthly Statistics
> ### Aliases: MonthlyStats
>
> ### ** Examples
>
> # Get the mean flows for each month for the Thames at Kingston
> QMonThames <- MonthlyStats(ThamesPQ[,c(1,3)], Stat = mean,
+ ylab = "Discharge (m3/s)", main = "Thames at Kingston monthly mean flow", Plot = TRUE)
Error in MonthlyStats(ThamesPQ[, c(1, 3)], Stat = mean, ylab = "Discharge (m3/s)", :
At least one month does not have the same number of years available as the others. This may be because you have at least one whole month missing (as opposed to a month of NA values for example). You need at least one time step within each month
Execution halted
Flavors: r-release-macos-x86_64, r-oldrel-macos-x86_64