CRAN Package Check Results for Package UNPaC

Last updated on 2020-04-09 12:48:12 CEST.

Flavor Version Tinstall Tcheck Ttotal Status Flags
r-devel-linux-x86_64-debian-clang 1.0.0 2.18 32.70 34.88 OK
r-devel-linux-x86_64-debian-gcc 1.0.0 1.74 25.14 26.88 OK
r-devel-linux-x86_64-fedora-clang 1.0.0 42.65 OK
r-devel-linux-x86_64-fedora-gcc 1.0.0 40.49 OK
r-devel-windows-ix86+x86_64 1.0.0 5.00 58.00 63.00 OK
r-devel-windows-ix86+x86_64-gcc8 1.0.0 5.00 43.00 48.00 OK
r-patched-linux-x86_64 1.0.0 2.01 31.61 33.62 OK
r-patched-osx-x86_64 1.0.0 OK
r-patched-solaris-x86 1.0.0 65.20 OK
r-release-linux-x86_64 1.0.0 1.49 30.15 31.64 OK
r-release-windows-ix86+x86_64 1.0.0 4.00 38.00 42.00 OK
r-release-osx-x86_64 1.0.0 OK
r-oldrel-osx-x86_64 1.0.0 ERROR

Check Details

Version: 1.0.0
Check: whether package can be installed
Result: ERROR
    Installation failed.
Flavor: r-oldrel-osx-x86_64