CRAN Package Check Results for Package USP

Last updated on 2025-01-19 05:49:24 CET.

Flavor Version Tinstall Tcheck Ttotal Status Flags
r-devel-linux-x86_64-debian-clang 0.1.2 1.76 25.47 27.23 OK
r-devel-linux-x86_64-debian-gcc 0.1.2 1.63 20.42 22.05 OK
r-devel-linux-x86_64-fedora-clang 0.1.2 44.02 OK
r-devel-linux-x86_64-fedora-gcc 0.1.2 46.25 OK
r-devel-windows-x86_64 0.1.2 4.00 52.00 56.00 OK
r-patched-linux-x86_64 0.1.2 2.11 24.37 26.48 NOTE
r-release-linux-x86_64 0.1.2 1.92 24.20 26.12 NOTE
r-release-macos-arm64 0.1.2 20.00 NOTE
r-release-macos-x86_64 0.1.2 28.00 NOTE
r-release-windows-x86_64 0.1.2 3.00 54.00 57.00 NOTE
r-oldrel-macos-arm64 0.1.2 21.00 NOTE
r-oldrel-macos-x86_64 0.1.2 35.00 NOTE
r-oldrel-windows-x86_64 0.1.2 4.00 53.00 57.00 NOTE

Check Details

Version: 0.1.2
Check: LazyData
Result: NOTE 'LazyData' is specified without a 'data' directory Flavors: r-patched-linux-x86_64, r-release-linux-x86_64, r-release-macos-arm64, r-release-macos-x86_64, r-release-windows-x86_64, r-oldrel-macos-arm64, r-oldrel-macos-x86_64, r-oldrel-windows-x86_64