CRAN Package Check Results for Package Umatrix

Last updated on 2020-10-26 11:51:19 CET.

Flavor Version Tinstall Tcheck Ttotal Status Flags
r-devel-linux-x86_64-debian-clang 3.3 65.37 110.90 176.27 OK
r-devel-linux-x86_64-debian-gcc 3.3 42.93 77.43 120.36 OK
r-devel-linux-x86_64-fedora-clang 3.3 228.10 OK
r-devel-linux-x86_64-fedora-gcc 3.3 197.31 OK
r-devel-windows-ix86+x86_64 3.3 134.00 193.00 327.00 OK
r-patched-linux-x86_64 3.3 45.72 95.64 141.36 OK
r-patched-solaris-x86 3.3 224.40 OK
r-release-linux-x86_64 3.3 50.83 96.05 146.88 OK
r-release-macos-x86_64 3.3 OK
r-release-windows-ix86+x86_64 3.3 101.00 141.00 242.00 OK
r-oldrel-macos-x86_64 3.3 NOTE
r-oldrel-windows-ix86+x86_64 3.3 130.00 184.00 314.00 OK

Check Details

Version: 3.3
Check: dependencies in R code
Result: NOTE
    No protocol specified
Flavor: r-oldrel-macos-x86_64