Last updated on 2025-01-19 05:49:24 CET.
Flavor | Version | Tinstall | Tcheck | Ttotal | Status | Flags |
---|---|---|---|---|---|---|
r-devel-linux-x86_64-debian-clang | 6.0.0 | 22.25 | 37.76 | 60.01 | OK | |
r-devel-linux-x86_64-debian-gcc | 6.0.0 | 17.80 | 30.00 | 47.80 | OK | |
r-devel-linux-x86_64-fedora-gcc | 6.0.0 | 125.17 | OK | |||
r-devel-windows-x86_64 | 6.0.0 | 58.00 | 132.00 | 190.00 | OK | |
r-patched-linux-x86_64 | 6.0.0 | 21.92 | 35.71 | 57.63 | OK | |
r-release-linux-x86_64 | 6.0.0 | 21.28 | 36.07 | 57.35 | OK | |
r-release-macos-arm64 | 6.0.0 | 74.00 | NOTE | |||
r-release-macos-x86_64 | 6.0.0 | 104.00 | NOTE | |||
r-release-windows-x86_64 | 6.0.0 | 50.00 | 130.00 | 180.00 | NOTE | |
r-oldrel-macos-arm64 | 6.0.0 | 78.00 | NOTE | |||
r-oldrel-macos-x86_64 | 6.0.0 | 104.00 | NOTE | |||
r-oldrel-windows-x86_64 | 6.0.0 | 97.00 | 150.00 | 247.00 | NOTE |
Version: 6.0.0
Check: installed package size
Result: NOTE
installed size is 49.7Mb
sub-directories of 1Mb or more:
doc 1.8Mb
libs 47.7Mb
Flavors: r-release-macos-arm64, r-release-macos-x86_64, r-release-windows-x86_64, r-oldrel-macos-arm64, r-oldrel-macos-x86_64, r-oldrel-windows-x86_64