CRAN Package Check Results for Package V8

Last updated on 2020-08-05 12:50:34 CEST.

Flavor Version Tinstall Tcheck Ttotal Status Flags
r-devel-linux-x86_64-debian-clang 3.2.0 25.70 36.60 62.30 OK
r-devel-linux-x86_64-debian-gcc 3.2.0 17.42 28.97 46.39 OK
r-devel-linux-x86_64-fedora-gcc 3.2.0 77.53 OK
r-devel-windows-ix86+x86_64 3.2.0 123.00 186.00 309.00 NOTE
r-patched-linux-x86_64 3.2.0 18.76 36.94 55.70 OK
r-patched-solaris-x86 3.2.0 92.10 OK
r-release-linux-x86_64 3.2.0 18.42 36.56 54.98 OK
r-release-macos-x86_64 3.2.0 NOTE
r-release-windows-ix86+x86_64 3.2.0 120.00 202.00 322.00 NOTE
r-oldrel-macos-x86_64 3.2.0 NOTE
r-oldrel-windows-ix86+x86_64 3.2.0 96.00 166.00 262.00 NOTE

Check Details

Version: 3.2.0
Check: installed package size
Result: NOTE
     installed size is 25.1Mb
     sub-directories of 1Mb or more:
     doc 1.8Mb
     libs 23.2Mb
Flavors: r-devel-windows-ix86+x86_64, r-release-macos-x86_64, r-release-windows-ix86+x86_64, r-oldrel-macos-x86_64, r-oldrel-windows-ix86+x86_64