Last updated on 2025-01-19 05:49:24 CET.
Flavor | Version | Tinstall | Tcheck | Ttotal | Status | Flags |
---|---|---|---|---|---|---|
r-devel-linux-x86_64-debian-clang | 1.1.0 | 42.88 | 357.61 | 400.49 | OK | |
r-devel-linux-x86_64-debian-gcc | 1.1.0 | 30.11 | 253.74 | 283.85 | OK | |
r-devel-linux-x86_64-fedora-clang | 1.1.0 | 661.21 | OK | |||
r-devel-linux-x86_64-fedora-gcc | 1.1.0 | 639.67 | OK | |||
r-devel-windows-x86_64 | 1.1.0 | 43.00 | 293.00 | 336.00 | OK | |
r-patched-linux-x86_64 | 1.1.0 | 41.41 | 326.30 | 367.71 | OK | |
r-release-linux-x86_64 | 1.1.0 | 42.86 | 322.47 | 365.33 | OK | |
r-release-macos-arm64 | 1.1.0 | 158.00 | NOTE | |||
r-release-macos-x86_64 | 1.1.0 | 232.00 | NOTE | |||
r-release-windows-x86_64 | 1.1.0 | 41.00 | 297.00 | 338.00 | NOTE | |
r-oldrel-macos-arm64 | 1.1.0 | 161.00 | NOTE | |||
r-oldrel-macos-x86_64 | 1.1.0 | 268.00 | NOTE | |||
r-oldrel-windows-x86_64 | 1.1.0 | 52.00 | 387.00 | 439.00 | NOTE |
Version: 1.1.0
Check: installed package size
Result: NOTE
installed size is 9.4Mb
sub-directories of 1Mb or more:
extdata 8.7Mb
Flavors: r-release-macos-arm64, r-release-macos-x86_64, r-release-windows-x86_64, r-oldrel-macos-arm64, r-oldrel-macos-x86_64, r-oldrel-windows-x86_64