Last updated on 2025-01-19 05:49:24 CET.
Flavor | Version | Tinstall | Tcheck | Ttotal | Status | Flags |
---|---|---|---|---|---|---|
r-devel-linux-x86_64-debian-clang | 2.0.0 | 10.09 | 82.26 | 92.35 | OK | |
r-devel-linux-x86_64-debian-gcc | 2.0.0 | 7.22 | 59.03 | 66.25 | OK | |
r-devel-linux-x86_64-fedora-clang | 2.0.0 | 151.10 | OK | |||
r-devel-linux-x86_64-fedora-gcc | 2.0.0 | 152.00 | OK | |||
r-devel-windows-x86_64 | 2.0.0 | 12.00 | 92.00 | 104.00 | OK | |
r-patched-linux-x86_64 | 2.0.0 | 7.50 | 75.55 | 83.05 | NOTE | |
r-release-linux-x86_64 | 2.0.0 | 9.80 | 76.37 | 86.17 | NOTE | |
r-release-macos-arm64 | 2.0.0 | 41.00 | NOTE | |||
r-release-macos-x86_64 | 2.0.0 | 59.00 | NOTE | |||
r-release-windows-x86_64 | 2.0.0 | 11.00 | 93.00 | 104.00 | NOTE | |
r-oldrel-macos-arm64 | 2.0.0 | 47.00 | NOTE | |||
r-oldrel-macos-x86_64 | 2.0.0 | 74.00 | NOTE | |||
r-oldrel-windows-x86_64 | 2.0.0 | 14.00 | 109.00 | 123.00 | NOTE |
Version: 2.0.0
Check: LazyData
Result: NOTE
'LazyData' is specified without a 'data' directory
Flavors: r-patched-linux-x86_64, r-release-linux-x86_64, r-release-macos-arm64, r-release-macos-x86_64, r-release-windows-x86_64, r-oldrel-macos-arm64, r-oldrel-macos-x86_64, r-oldrel-windows-x86_64