CRAN Package Check Results for Package VFP

Last updated on 2025-01-19 05:49:24 CET.

Flavor Version Tinstall Tcheck Ttotal Status Flags
r-devel-linux-x86_64-debian-clang 1.4.1 11.90 114.61 126.51 NOTE
r-devel-linux-x86_64-debian-gcc 1.4.1 6.71 85.34 92.05 NOTE
r-devel-linux-x86_64-fedora-clang 1.4.1 206.31 NOTE
r-devel-linux-x86_64-fedora-gcc 1.4.1 226.36 NOTE
r-devel-windows-x86_64 1.4.1 12.00 115.00 127.00 NOTE
r-patched-linux-x86_64 1.4.1 14.68 109.42 124.10 NOTE
r-release-linux-x86_64 1.4.1 9.71 106.35 116.06 NOTE
r-release-macos-arm64 1.4.1 57.00 NOTE
r-release-macos-x86_64 1.4.1 98.00 NOTE
r-release-windows-x86_64 1.4.1 14.00 119.00 133.00 NOTE
r-oldrel-macos-arm64 1.4.1 62.00 OK
r-oldrel-macos-x86_64 1.4.1 100.00 OK
r-oldrel-windows-x86_64 1.4.1 14.00 142.00 156.00 OK

Check Details

Version: 1.4.1
Check: Rd files
Result: NOTE checkRd: (-1) fit.vfp.Rd:79: Lost braces in \itemize; meant \describe ? checkRd: (-1) fit.vfp.Rd:80: Lost braces in \itemize; meant \describe ? checkRd: (-1) fit.vfp.Rd:81: Lost braces in \itemize; meant \describe ? checkRd: (-1) fit.vfp.Rd:82: Lost braces in \itemize; meant \describe ? checkRd: (-1) fit.vfp.Rd:83: Lost braces in \itemize; meant \describe ? checkRd: (-1) fit.vfp.Rd:84: Lost braces in \itemize; meant \describe ? checkRd: (-1) fit.vfp.Rd:85: Lost braces in \itemize; meant \describe ? checkRd: (-1) fit.vfp.Rd:86: Lost braces in \itemize; meant \describe ? checkRd: (-1) fit.vfp.Rd:87: Lost braces in \itemize; meant \describe ? checkRd: (-1) fit.vfp.Rd:88: Lost braces in \itemize; meant \describe ? Flavors: r-devel-linux-x86_64-debian-clang, r-devel-linux-x86_64-debian-gcc, r-devel-linux-x86_64-fedora-clang, r-devel-linux-x86_64-fedora-gcc, r-devel-windows-x86_64, r-patched-linux-x86_64, r-release-linux-x86_64, r-release-macos-arm64, r-release-macos-x86_64, r-release-windows-x86_64

Version: 1.4.1
Check: Rd cross-references
Result: NOTE Found the following Rd file(s) with Rd \link{} targets missing package anchors: predict.VFP.Rd: predict.gnm Please provide package anchors for all Rd \link{} targets not in the package itself and the base packages. Flavors: r-devel-linux-x86_64-debian-clang, r-devel-linux-x86_64-debian-gcc, r-devel-windows-x86_64