CRAN Package Check Results for Package VGAMextra

Last updated on 2025-01-19 05:49:24 CET.

Flavor Version Tinstall Tcheck Ttotal Status Flags
r-devel-linux-x86_64-debian-clang 0.0-6 12.95 116.59 129.54 NOTE
r-devel-linux-x86_64-debian-gcc 0.0-6 9.44 75.02 84.46 NOTE
r-devel-linux-x86_64-fedora-clang 0.0-6 208.37 OK
r-devel-linux-x86_64-fedora-gcc 0.0-6 209.49 OK
r-devel-windows-x86_64 0.0-6 13.00 140.00 153.00 NOTE
r-patched-linux-x86_64 0.0-6 17.18 106.32 123.50 OK
r-release-linux-x86_64 0.0-6 12.31 105.36 117.67 OK
r-release-macos-arm64 0.0-6 46.00 OK
r-release-macos-x86_64 0.0-6 80.00 OK
r-release-windows-x86_64 0.0-6 13.00 147.00 160.00 OK
r-oldrel-macos-arm64 0.0-6 62.00 OK
r-oldrel-macos-x86_64 0.0-6 150.00 OK
r-oldrel-windows-x86_64 0.0-6 13.00 161.00 174.00 OK

Check Details

Version: 0.0-6
Check: Rd cross-references
Result: NOTE Found the following Rd file(s) with Rd \link{} targets missing package anchors: gen.betaIImr.Rd: Links, CommonVGAMffArguments, vglmff-class, vglm, vgam, betaff, betaII, dagum, sinmad, fisk, lomax, inv.lomax, paralogistic, inv.paralogistic invgamma2mr.Rd: CommonVGAMffArguments, vglmff-class, vglm, vgam invweibull2mr.Rd: CommonVGAMffArguments trunclognormalff.Rd: vglmff-class, vglm, vgam truncnormalff.Rd: vglmff-class, vglm, vgam Please provide package anchors for all Rd \link{} targets not in the package itself and the base packages. Flavors: r-devel-linux-x86_64-debian-clang, r-devel-linux-x86_64-debian-gcc, r-devel-windows-x86_64