Last updated on 2025-01-19 05:49:24 CET.
Flavor | Version | Tinstall | Tcheck | Ttotal | Status | Flags |
---|---|---|---|---|---|---|
r-devel-linux-x86_64-debian-clang | 0.1.0 | 15.83 | 120.58 | 136.41 | OK | |
r-devel-linux-x86_64-debian-gcc | 0.1.0 | 11.31 | 93.49 | 104.80 | OK | |
r-devel-linux-x86_64-fedora-clang | 0.1.0 | 214.57 | OK | |||
r-devel-linux-x86_64-fedora-gcc | 0.1.0 | 219.16 | OK | |||
r-devel-windows-x86_64 | 0.1.0 | 16.00 | 116.00 | 132.00 | OK | |
r-patched-linux-x86_64 | 0.1.0 | 13.59 | 114.31 | 127.90 | NOTE | |
r-release-linux-x86_64 | 0.1.0 | 14.90 | 114.38 | 129.28 | NOTE | |
r-release-macos-arm64 | 0.1.0 | 46.00 | NOTE | |||
r-release-macos-x86_64 | 0.1.0 | 75.00 | NOTE | |||
r-release-windows-x86_64 | 0.1.0 | 16.00 | 121.00 | 137.00 | NOTE | |
r-oldrel-macos-arm64 | 0.1.0 | 58.00 | NOTE | |||
r-oldrel-macos-x86_64 | 0.1.0 | 98.00 | NOTE | |||
r-oldrel-windows-x86_64 | 0.1.0 | 22.00 | 140.00 | 162.00 | NOTE |
Version: 0.1.0
Check: LazyData
Result: NOTE
'LazyData' is specified without a 'data' directory
Flavors: r-patched-linux-x86_64, r-release-linux-x86_64, r-release-macos-arm64, r-release-macos-x86_64, r-release-windows-x86_64, r-oldrel-macos-arm64, r-oldrel-macos-x86_64, r-oldrel-windows-x86_64