Last updated on 2025-01-19 05:49:24 CET.
Flavor | Version | Tinstall | Tcheck | Ttotal | Status | Flags |
---|---|---|---|---|---|---|
r-devel-linux-x86_64-debian-clang | 1.0 | 54.83 | 25.77 | 80.60 | NOTE | |
r-devel-linux-x86_64-debian-gcc | 1.0 | 36.85 | 20.71 | 57.56 | NOTE | |
r-devel-linux-x86_64-fedora-clang | 1.0 | 169.42 | NOTE | |||
r-devel-linux-x86_64-fedora-gcc | 1.0 | 170.69 | NOTE | |||
r-devel-windows-x86_64 | 1.0 | 59.00 | 66.00 | 125.00 | NOTE | |
r-patched-linux-x86_64 | 1.0 | 51.89 | 24.75 | 76.64 | NOTE | |
r-release-linux-x86_64 | 1.0 | 51.23 | 24.98 | 76.21 | NOTE | |
r-release-macos-arm64 | 1.0 | 37.00 | NOTE | |||
r-release-macos-x86_64 | 1.0 | 41.00 | NOTE | |||
r-release-windows-x86_64 | 1.0 | 61.00 | 64.00 | 125.00 | NOTE | |
r-oldrel-macos-arm64 | 1.0 | 44.00 | NOTE | |||
r-oldrel-macos-x86_64 | 1.0 | 72.00 | NOTE | |||
r-oldrel-windows-x86_64 | 1.0 | 70.00 | 76.00 | 146.00 | NOTE |
Version: 1.0
Check: C++ specification
Result: NOTE
Specified C++11: please drop specification unless essential
Flavors: r-devel-linux-x86_64-debian-clang, r-devel-linux-x86_64-debian-gcc, r-devel-linux-x86_64-fedora-clang, r-devel-linux-x86_64-fedora-gcc, r-devel-windows-x86_64, r-patched-linux-x86_64, r-release-linux-x86_64, r-release-macos-arm64, r-release-macos-x86_64, r-release-windows-x86_64, r-oldrel-macos-arm64, r-oldrel-macos-x86_64, r-oldrel-windows-x86_64