Last updated on 2024-04-21 12:54:17 CEST.
Flavor | Version | Tinstall | Tcheck | Ttotal | Status | Flags |
---|---|---|---|---|---|---|
r-devel-linux-x86_64-debian-clang | 2.1.3.1 | 354.54 | 171.95 | 526.49 | OK | |
r-devel-linux-x86_64-debian-gcc | 2.1.3.1 | 260.79 | 109.30 | 370.09 | OK | |
r-devel-linux-x86_64-fedora-clang | 2.1.3.1 | 771.11 | OK | |||
r-devel-linux-x86_64-fedora-gcc | 2.1.3.1 | 740.85 | OK | |||
r-prerel-macos-arm64 | 2.1.3.1 | 140.00 | NOTE | |||
r-prerel-windows-x86_64 | 2.1.3.1 | 265.00 | 320.00 | 585.00 | OK | |
r-patched-linux-x86_64 | 2.1.3.1 | 341.20 | 145.98 | 487.18 | OK | |
r-release-linux-x86_64 | 2.1.3.1 | 329.10 | 143.87 | 472.97 | OK | |
r-release-macos-arm64 | 2.1.3.1 | 175.00 | NOTE | |||
r-release-macos-x86_64 | 2.1.3.1 | 299.00 | NOTE | |||
r-release-windows-x86_64 | 2.1.3.1 | 331.00 | 202.00 | 533.00 | OK | |
r-oldrel-macos-arm64 | 2.1.3.1 | 148.00 | NOTE | |||
r-oldrel-windows-x86_64 | 2.1.3.1 | 326.00 | 209.00 | 535.00 | OK |
Version: 2.1.3.1
Check: installed package size
Result: NOTE
installed size is 8.4Mb
sub-directories of 1Mb or more:
libs 7.6Mb
Flavors: r-prerel-macos-arm64, r-release-macos-arm64, r-release-macos-x86_64, r-oldrel-macos-arm64