CRAN Package Check Results for Package VennDiagram

Last updated on 2020-05-25 12:48:16 CEST.

Flavor Version Tinstall Tcheck Ttotal Status Flags
r-devel-linux-x86_64-debian-clang 1.6.20 9.80 55.78 65.58 NOTE
r-devel-linux-x86_64-debian-gcc 1.6.20 6.98 42.79 49.77 NOTE
r-devel-linux-x86_64-fedora-clang 1.6.20 75.49 NOTE
r-devel-linux-x86_64-fedora-gcc 1.6.20 75.37 NOTE
r-devel-windows-ix86+x86_64 1.6.20 17.00 87.00 104.00 OK
r-patched-linux-x86_64 1.6.20 8.97 56.02 64.99 NOTE
r-patched-solaris-x86 1.6.20 104.10 NOTE
r-release-linux-x86_64 1.6.20 9.30 55.05 64.35 NOTE
r-release-osx-x86_64 1.6.20 OK
r-release-windows-ix86+x86_64 1.6.20 10.00 89.00 99.00 OK
r-oldrel-osx-x86_64 1.6.20 OK
r-oldrel-windows-ix86+x86_64 1.6.20 10.00 90.00 100.00 OK

Check Details

Version: 1.6.20
Check: for non-standard things in the check directory
Result: NOTE
    Found the following files/directories:
     'Fig3-1_triple_labels_sub_and_superscripts.tiff'
     'Fig3-2_Euler_3set_simple_with_subscripts.tiff'
     'Pairwise_Venn_diagram.tiff' 'Quad_Venn_diagram.tiff'
     'Quintuple_Venn_diagram.tiff' 'Single_Venn_diagram.tiff'
     'Triple_Venn_diagram.tiff' 'Venn_2set_complex.tiff'
     'Venn_4set_pretty.tiff' 'Venn_5set_pretty.tiff'
Flavors: r-devel-linux-x86_64-debian-clang, r-devel-linux-x86_64-debian-gcc, r-devel-linux-x86_64-fedora-clang, r-devel-linux-x86_64-fedora-gcc, r-patched-linux-x86_64, r-patched-solaris-x86, r-release-linux-x86_64