CRAN Package Check Results for Package VoxR

Last updated on 2025-01-19 05:49:24 CET.

Flavor Version Tinstall Tcheck Ttotal Status Flags
r-devel-linux-x86_64-debian-clang 1.0.0 3.33 80.06 83.39 OK
r-devel-linux-x86_64-debian-gcc 1.0.0 2.72 69.81 72.53 OK
r-devel-linux-x86_64-fedora-clang 1.0.0 121.82 OK
r-devel-linux-x86_64-fedora-gcc 1.0.0 112.14 OK
r-devel-windows-x86_64 1.0.0 6.00 83.00 89.00 OK
r-patched-linux-x86_64 1.0.0 3.16 69.10 72.26 NOTE
r-release-linux-x86_64 1.0.0 3.33 67.53 70.86 NOTE
r-release-macos-arm64 1.0.0 28.00 NOTE
r-release-macos-x86_64 1.0.0 46.00 NOTE
r-release-windows-x86_64 1.0.0 7.00 80.00 87.00 NOTE
r-oldrel-macos-arm64 1.0.0 32.00 NOTE
r-oldrel-macos-x86_64 1.0.0 53.00 NOTE
r-oldrel-windows-x86_64 1.0.0 8.00 95.00 103.00 NOTE

Check Details

Version: 1.0.0
Check: LazyData
Result: NOTE 'LazyData' is specified without a 'data' directory Flavors: r-patched-linux-x86_64, r-release-linux-x86_64, r-release-macos-arm64, r-release-macos-x86_64, r-release-windows-x86_64, r-oldrel-macos-arm64, r-oldrel-macos-x86_64, r-oldrel-windows-x86_64