Last updated on 2025-01-19 05:49:25 CET.
Flavor | Version | Tinstall | Tcheck | Ttotal | Status | Flags |
---|---|---|---|---|---|---|
r-devel-linux-x86_64-debian-clang | 1.73 | 63.22 | 364.28 | 427.50 | OK | |
r-devel-linux-x86_64-debian-gcc | 1.73 | 47.73 | 248.62 | 296.35 | OK | |
r-devel-linux-x86_64-fedora-clang | 1.73 | 728.66 | OK | |||
r-devel-linux-x86_64-fedora-gcc | 1.73 | 687.22 | OK | |||
r-devel-windows-x86_64 | 1.73 | 65.00 | 379.00 | 444.00 | OK | |
r-patched-linux-x86_64 | 1.73 | 74.85 | 335.15 | 410.00 | OK | |
r-release-linux-x86_64 | 1.73 | 65.85 | 330.40 | 396.25 | OK | |
r-release-macos-arm64 | 1.73 | 136.00 | NOTE | |||
r-release-macos-x86_64 | 1.73 | 338.00 | NOTE | |||
r-release-windows-x86_64 | 1.73 | 65.00 | 388.00 | 453.00 | OK | |
r-oldrel-macos-arm64 | 1.73 | 171.00 | NOTE | |||
r-oldrel-macos-x86_64 | 1.73 | 289.00 | NOTE | |||
r-oldrel-windows-x86_64 | 1.73 | 86.00 | 511.00 | 597.00 | OK |
Version: 1.73
Check: package dependencies
Result: NOTE
Package suggested but not available for checking: ‘org.Mm.eg.db’
Flavors: r-release-macos-arm64, r-oldrel-macos-x86_64
Version: 1.73
Check: installed package size
Result: NOTE
installed size is 5.3Mb
sub-directories of 1Mb or more:
R 2.0Mb
libs 1.5Mb
Flavors: r-release-macos-arm64, r-release-macos-x86_64, r-oldrel-macos-arm64, r-oldrel-macos-x86_64