Last updated on 2025-01-19 05:49:25 CET.
Flavor | Version | Tinstall | Tcheck | Ttotal | Status | Flags |
---|---|---|---|---|---|---|
r-devel-linux-x86_64-debian-clang | 0.1.4 | 9.52 | 138.90 | 148.42 | OK | |
r-devel-linux-x86_64-debian-gcc | 0.1.4 | 7.31 | 105.07 | 112.38 | OK | |
r-devel-linux-x86_64-fedora-clang | 0.1.4 | 249.95 | OK | |||
r-devel-linux-x86_64-fedora-gcc | 0.1.4 | 257.75 | OK | |||
r-devel-windows-x86_64 | 0.1.4 | 12.00 | 107.00 | 119.00 | OK | |
r-patched-linux-x86_64 | 0.1.4 | 8.71 | 129.82 | 138.53 | NOTE | |
r-release-linux-x86_64 | 0.1.4 | 9.37 | 130.41 | 139.78 | NOTE | |
r-release-macos-arm64 | 0.1.4 | 58.00 | NOTE | |||
r-release-macos-x86_64 | 0.1.4 | 104.00 | NOTE | |||
r-release-windows-x86_64 | 0.1.4 | 11.00 | 103.00 | 114.00 | NOTE | |
r-oldrel-macos-arm64 | 0.1.4 | 58.00 | NOTE | |||
r-oldrel-macos-x86_64 | 0.1.4 | 109.00 | NOTE | |||
r-oldrel-windows-x86_64 | 0.1.4 | 13.00 | 132.00 | 145.00 | NOTE |
Version: 0.1.4
Check: package dependencies
Result: NOTE
Package suggested but not available for checking: ‘wmtsa’
Flavors: r-patched-linux-x86_64, r-release-linux-x86_64, r-release-macos-arm64, r-release-macos-x86_64, r-release-windows-x86_64, r-oldrel-macos-arm64, r-oldrel-macos-x86_64, r-oldrel-windows-x86_64