CRAN Package Check Results for Package WaveSampling

Last updated on 2025-01-19 05:49:25 CET.

Flavor Version Tinstall Tcheck Ttotal Status Flags
r-devel-linux-x86_64-debian-clang 0.1.3 79.11 53.26 132.37 NOTE
r-devel-linux-x86_64-debian-gcc 0.1.3 58.98 41.61 100.59 NOTE
r-devel-linux-x86_64-fedora-clang 0.1.3 278.27 NOTE
r-devel-linux-x86_64-fedora-gcc 0.1.3 277.79 NOTE
r-devel-windows-x86_64 0.1.3 90.00 87.00 177.00 NOTE
r-patched-linux-x86_64 0.1.3 80.42 49.98 130.40 NOTE
r-release-linux-x86_64 0.1.3 81.79 50.72 132.51 NOTE
r-release-macos-arm64 0.1.3 53.00 NOTE
r-release-macos-x86_64 0.1.3 64.00 NOTE
r-release-windows-x86_64 0.1.3 90.00 85.00 175.00 NOTE
r-oldrel-macos-arm64 0.1.3 76.00 NOTE
r-oldrel-macos-x86_64 0.1.3 119.00 NOTE
r-oldrel-windows-x86_64 0.1.3 94.00 113.00 207.00 NOTE

Check Details

Version: 0.1.3
Check: C++ specification
Result: NOTE Specified C++11: please drop specification unless essential Flavors: r-devel-linux-x86_64-debian-clang, r-devel-linux-x86_64-debian-gcc, r-devel-linux-x86_64-fedora-clang, r-devel-linux-x86_64-fedora-gcc, r-devel-windows-x86_64, r-patched-linux-x86_64, r-release-linux-x86_64, r-release-macos-arm64, r-release-macos-x86_64, r-release-windows-x86_64, r-oldrel-macos-arm64, r-oldrel-macos-x86_64, r-oldrel-windows-x86_64

Version: 0.1.3
Check: installed package size
Result: NOTE installed size is 5.1Mb sub-directories of 1Mb or more: libs 5.0Mb Flavor: r-oldrel-macos-arm64